{"id":1135,"date":"2019-10-10T21:55:16","date_gmt":"2019-10-10T19:55:16","guid":{"rendered":"https:\/\/cristoredentor.es\/?page_id=1135"},"modified":"2019-10-10T22:02:16","modified_gmt":"2019-10-10T20:02:16","slug":"16-grupos-juveniles","status":"publish","type":"page","link":"https:\/\/cristoredentor.es\/?page_id=1135","title":{"rendered":"16 GRUPOS JUVENILES"},"content":{"rendered":"\n<h1 class=\"wp-block-heading\">SOMOS<\/h1>\n\n\n\n<p>Nuestra Comunidad Parroquial ofrece la participaci\u00f3n en&nbsp;<strong>tres tipos de grupos juveniles<\/strong>, es decir, grupos de j\u00f3venes que ya hemos confirmado nuestra fe:<\/p>\n\n\n\n<ul class=\"wp-block-list\"><li><strong>Grupos de Post-confirmaci\u00f3n:<\/strong><\/li><\/ul>\n\n\n\n<p>Somos&nbsp;<strong>j\u00f3venes que hemos recibido el sacramento de la Confirmaci\u00f3n este a\u00f1o o \u00faltimamente.<\/strong>&nbsp;Hay dos grupos que nos reunimos en diferentes d\u00edas.<\/p>\n\n\n\n<ul class=\"wp-block-list\"><li><strong>Grupo de j\u00f3venes maduros en clave de JEC:<\/strong><\/li><\/ul>\n\n\n\n<p>Somos un&nbsp;<strong>grupo de j\u00f3venes trabajadores y universitarios entre 18 y 39 a\u00f1os que unidos en el amor de Cristo y siguiendo las claves del movimiento de Acci\u00f3n Cat\u00f3lica \u201cJuventud Estudiante Cat\u00f3lica\u201d (JEC),<\/strong>&nbsp;analizamos el Evangelio desde la clave de la vida y nos cuestionamos el sentido de nuestro estudio y trabajo desde la visi\u00f3n cristiana.<\/p>\n\n\n\n<ul class=\"wp-block-list\"><li><strong>Grupo interparroquial:<\/strong><\/li><\/ul>\n\n\n\n<p>Somos un&nbsp;<strong>grupo de j\u00f3venes de las dos parroquias de Parquesol<\/strong>&nbsp;<strong>que queremos caminar juntos dando testimonio de nuestra fe<\/strong>&nbsp;a trav\u00e9s de la oraci\u00f3n, reflexi\u00f3n, encuentros y testimonios en nuestra vida y actividades cotidianas.<\/p>\n\n\n\n<ul class=\"wp-block-list\"><li><strong>Grupo de Inquietud y B\u00fasqueda Joven<\/strong><\/li><\/ul>\n\n\n\n<p>Somos&nbsp;<strong>j\u00f3venes confirmados y no confirmados que estamos en b\u00fasqueda y con inquietudes e interrogantes ante la vida.<\/strong>&nbsp;Intentamos caminar queriendo descubrir razones, sentido&#8230;<\/p>\n\n\n\n<h1 class=\"wp-block-heading\">NUESTRO SERVICIO CONSISTE EN<\/h1>\n\n\n\n<p>&nbsp; &#8211;&nbsp;&nbsp;&nbsp;<strong>Dar testimonio<\/strong>&nbsp;de nuestra Fe como j\u00f3venes.<\/p>\n\n\n\n<p>&nbsp; &#8211;&nbsp;<strong>&nbsp; Participar en las reuniones de formaci\u00f3n y coordinaci\u00f3n.<\/strong><\/p>\n\n\n\n<p>&nbsp; &#8211;&nbsp;<strong>&nbsp; Propiciar<\/strong>&nbsp;a nivel parroquial, arciprestal y diocesano&nbsp;<strong>nuestra formaci\u00f3n y vivencia integral<\/strong>&nbsp;como creyentes y j\u00f3venes.&nbsp;<strong>El SER, el SABER y el HACER.<\/strong><\/p>\n\n\n\n<p>&nbsp; &#8211;&nbsp;&nbsp;&nbsp;Propiciar una vivencia&nbsp;<strong>evangelizadora<\/strong>&nbsp;en los j\u00f3venes. Una experiencia personal y comunitaria de encuentro con Jesucristo.<\/p>\n\n\n\n<p>&nbsp; &#8211;&nbsp;<strong>&nbsp; Compartir<\/strong>&nbsp;con otros j\u00f3venes&nbsp;<strong>el proceso integral y continuo de crecimiento y personalizaci\u00f3n de la Fe.<\/strong><\/p>\n\n\n\n<p>&nbsp; &#8211;&nbsp;<strong>&nbsp; Animar y ayudar a descubrir y vivir la oraci\u00f3n<\/strong>&nbsp;como un encuentro de amistad con Cristo en la Comunidad.<\/p>\n\n\n\n<p>&nbsp; &#8211;&nbsp;<strong>&nbsp; Posibilitar la integraci\u00f3n de los j\u00f3venes<\/strong>&nbsp;en la Comunidad Parroquial y en la Di\u00f3cesis.<\/p>\n\n\n\n<p>&nbsp; &#8211;&nbsp;<strong>&nbsp; Participaci\u00f3n y preparaci\u00f3n de encuentros y Eucarist\u00edas<\/strong>.<\/p>\n\n\n\n<p>&nbsp; &#8211;&nbsp;<strong>&nbsp; Preparaci\u00f3n y celebraci\u00f3n del sacramento de la Reconciliaci\u00f3n<\/strong>&nbsp;en los tiempos fuertes.<\/p>\n\n\n\n<p>&nbsp; &#8211;&nbsp;&nbsp;&nbsp;Potenciar la&nbsp;<strong>implicaci\u00f3n en distintos \u00e1mbitos y tareas<\/strong>&nbsp;en la parroquia y en la vida p\u00fablica del barrio, centros de ense\u00f1anza, casa\u2026<\/p>\n\n\n\n<p>&nbsp; &#8211;&nbsp;<strong>&nbsp; Encuentros de oraci\u00f3n y convivencias<\/strong>&nbsp;que animen a vivir una&nbsp;<strong>Fe madura y responsable.<\/strong><\/p>\n\n\n\n<p>&nbsp; &#8211;&nbsp;<strong>&nbsp; Participar en actividades de compromiso y solidaridad.<\/strong><\/p>\n\n\n\n<p>&nbsp; &#8211;&nbsp;<strong>&nbsp; Acompa\u00f1amiento vocacional y misionero.<\/strong><\/p>\n\n\n\n<p>&nbsp; &#8211;&nbsp;&nbsp;&nbsp;Trabajar el&nbsp;<strong>proyecto en clave de proceso.<\/strong><\/p>\n\n\n\n<p>&nbsp; &#8211;&nbsp;&nbsp;&nbsp;Integrar los tres \u00e1mbitos de formaci\u00f3n:&nbsp;<strong>familia \u2013 parroquia \u2013 escuela.<\/strong><\/p>\n\n\n\n<p>&nbsp; &#8211;&nbsp;&nbsp;&nbsp;Formar desde la&nbsp;<strong>uni\u00f3n Fe-vida.<\/strong><\/p>\n\n\n\n<p>&nbsp; &#8211;&nbsp;&nbsp;&nbsp;Potenciar el&nbsp;<strong>di\u00e1logo Fe-cultura.<\/strong><\/p>\n\n\n\n<p>&nbsp; &#8211;&nbsp;&nbsp;<strong>Cuidar las cuatro dimensiones: Formaci\u00f3n, oraci\u00f3n, celebraci\u00f3n y acci\u00f3n.<\/strong><\/p>\n\n\n\n<p>+&nbsp;Formaci\u00f3n:&nbsp;A\u00f1o de la Fe. Acompa\u00f1amiento, Biblia, actualidad, actualidad juvenil, materiales de JEC, catecismo YouCat, revistas, conferencias, etc<\/p>\n\n\n\n<p>+&nbsp;Oraci\u00f3n:&nbsp;Seguir a Jesucristo. La alegr\u00eda de creer. Invitaci\u00f3n a dialogar y escuchar a Dios en la vida. Iniciaci\u00f3n personal y comunitaria. Oraci\u00f3n comprometida y compartida.<\/p>\n\n\n\n<p>+&nbsp;Celebraci\u00f3n:&nbsp;Participaci\u00f3n en la Eucarist\u00eda. Celebrar la vida y la fe. Celebraciones y encuentros potenciando todo lo vocacional y misionero. La iglesia es de Cristo.<\/p>\n\n\n\n<p>+&nbsp;Acci\u00f3n:&nbsp;Lucha por la justicia y la dignidad humana. Manos Unidas, C\u00e1ritas, acciones desde un compromiso transformador de la realidad, acciones educativas.<\/p>\n\n\n\n<p><strong>&nbsp;<\/strong><strong>&nbsp;<\/strong><strong>NUESTROS OBJETIVOS SON<\/strong><\/p>\n\n\n\n<p>&#8211;&nbsp;&nbsp;<strong>Tener una experiencia personal de encuentro con Cristo.<\/strong><\/p>\n\n\n\n<p>&#8211;&nbsp;&nbsp;Mostrar que el&nbsp;<strong>proceso catequ\u00e9tico es un punto y seguido<\/strong>&nbsp;en nuestra vivencia de la Fe.<\/p>\n\n\n\n<p>&#8211;&nbsp;&nbsp;<strong>Invitar a otros j\u00f3venes a formar parte de los Grupos Juveniles Parroquiales.<\/strong><\/p>\n\n\n\n<p>&#8211;&nbsp;&nbsp;Formarnos en la Fe y ser cristianos&nbsp;<strong>j\u00f3venes aut\u00e9nticos, libres, alegres y responsables.<\/strong><\/p>\n\n\n\n<p>&#8211;&nbsp;&nbsp;<strong>Ayudar y acompa\u00f1ar en el descubrimiento y vivencia de la Eucarist\u00eda.<\/strong><\/p>\n\n\n\n<p>&#8211;&nbsp;&nbsp;<strong>Vivir en comunidad la Fe.<\/strong><\/p>\n\n\n\n<p>&#8211;&nbsp;&nbsp;<strong>Implicarnos en la vida diaria:<\/strong>&nbsp;familia, amigos, estudios, trabajo\u2026<\/p>\n\n\n\n<p>&#8211;&nbsp;&nbsp;<strong>Potenciar todo lo vocacional y misionero.<\/strong><\/p>\n\n\n\n<p>&#8211;&nbsp;&nbsp;<strong>Profundizar en la<\/strong>&nbsp;<strong>oraci\u00f3n<\/strong>&nbsp;desde la experiencia de encontrarse&nbsp;<strong>con ALGUIEN que libera y salva.<\/strong><\/p>\n\n\n\n<p>&#8211;&nbsp;&nbsp;<strong>Potenciar la relaci\u00f3n familia-parroquia-centros educativos.<\/strong><\/p>\n\n\n\n<p>&#8211;&nbsp;&nbsp;Ayudar a&nbsp;<strong>integrar Fe y Vida.<\/strong><\/p>\n\n\n\n<p>&#8211;&nbsp;&nbsp;Educar para comprender y vivir como&nbsp;<strong>la Fe nos ayuda a ser m\u00e1s plenamente personas, apostando por el Dios de la vida.<\/strong><\/p>\n\n\n\n<p>&#8211;&nbsp;&nbsp;<strong>Profundizar en hacer razonable la Fe.<\/strong>&nbsp;La Fe no es irracional.<\/p>\n\n\n\n<p>&#8211;&nbsp;&nbsp;<strong>Educar para vivir el amor como vocaci\u00f3n<\/strong>&nbsp;(don, entrega, responsabilidad).<\/p>\n\n\n\n<p>&#8211;&nbsp;&nbsp;<strong>Implicar en experiencias de compromiso y solidaridad.<\/strong><\/p>\n\n\n\n<h1 class=\"wp-block-heading\">NOS REUNIMOS<\/h1>\n\n\n\n<ul class=\"wp-block-list\"><li><strong>Grupos de Post-confirmaci\u00f3n:&nbsp;son dos grupos.<\/strong><\/li><\/ul>\n\n\n\n<p>En los locales parroquiales semanalmente un grupo los martes a las 20:30h y el otro grupo los domingos&nbsp;de 11:45h a 13h.<\/p>\n\n\n\n<ul class=\"wp-block-list\"><li><strong>Grupo de j\u00f3venes maduros en clave de JEC:<\/strong><\/li><\/ul>\n\n\n\n<p>En los locales parroquiales normalmente los domingos de 20h a 21:30h.<\/p>\n\n\n\n<ul class=\"wp-block-list\"><li><strong>Grupo interparroquial:<\/strong><\/li><\/ul>\n\n\n\n<p>En la Parroquia Cristo Redentor o en la Parroquia Nuestra Se\u00f1ora de Prado dependiendo de la experiencia a compartir.&nbsp;<\/p>\n\n\n\n<ul class=\"wp-block-list\"><li><strong>Grupo de Inquietud y B\u00fasqueda Joven<\/strong><\/li><\/ul>\n\n\n\n<p>Variable. Normalmente los lunes a las 19h de la tarde cada quince d\u00edas.<\/p>\n\n\n\n<h2 class=\"wp-block-heading\" id=\"cc-m-header-1483926016\">J\u00d3VENES<\/h2>\n\n\n\n<h1 class=\"wp-block-heading\" id=\"cc-m-header-5691173716\">Encuentro juvenil en Ciudad Rodrigo JMJ-RIO<\/h1>\n\n\n\n<p>Se realiz\u00f3&nbsp;<strong>del 22 al 28 de julio de 2013 en Ciudad Rodrigo (Salamanca): \u201cEn-clave de Misi\u00f3n\u201d.&nbsp;<\/strong><\/p>\n\n\n\n<p>Este verano est\u00e1 convocada la Jornada Mundial de la Juventud en R\u00edo de Janeiro (Brasil), pero todos sabemos de las dificultades econ\u00f3micas para poder participar. Por ello os ofrecemos esta actividad alternativa, aunque inspirada, a la Jornada Mundial de la Juventud de R\u00edo.<\/p>\n\n\n\n<p>\u00bfQu\u00e9 buscamos?:<\/p>\n\n\n\n<ul class=\"wp-block-list\"><li>Tener una experiencia similar a la de las Jornadas Mundiales de la Juventud \u201cuna formidable experiencia de fraternidad, de encuentro con el Se\u00f1or, de compartir y de crecimiento en la fe (Benedicto XVI)\u201d.<\/li><li>Plantear un encuentro con j\u00f3venes de la Regi\u00f3n de Castilla y Le\u00f3n en una din\u00e1mica similar a la que vivimos en los D\u00edas en las Di\u00f3cesis.<\/li><li>Dar un nuevo paso en el trabajo conjunto de las Di\u00f3cesis en la Nueva Evangelizaci\u00f3n de los j\u00f3venes de nuestras Di\u00f3cesis.<\/li><\/ul>\n\n\n\n<p>Por medio de:<\/p>\n\n\n\n<ul class=\"wp-block-list\"><li>Catequesis vivas, sencillas y creativas utilizando la propia localidad de Ciudad Rodrigo y las nuevas tecnolog\u00edas, que proporcionen peque\u00f1as experiencias de oraci\u00f3n, silencio, escucha del evangelio en los j\u00f3venes.<\/li><li>Trabajos por Di\u00f3cesis: Ya que los chavales y los animadores se conocen y ser\u00eda m\u00e1s f\u00e1cil el di\u00e1logo y la puesta en com\u00fan.<\/li><li>Talleres, aprovechando la&nbsp; experiencia de la di\u00f3cesis de Ciudad Rodrigo, en los nuevos lenguajes: cine, teatro, m\u00fasica, video-clip. Ensayar nuevas forma de expresar y comunicar la fe, y la experiencia de la fe.<\/li><li>Celebraciones y Oraciones: hondas y sencillas. Que los chavales mismos las preparen, que la sientan como suyas. Especial cuidado en las Eucarist\u00edas y en la Celebraci\u00f3n Penitencial. Cantos apropiados y ensayados.<\/li><li>Peque\u00f1a experiencia de desierto. Encuentro en el silencio con la palabra de Dios. No les podemos robar la posibilidad de \u201centrar en el silencio\u201d.<\/li><li>Una experiencia de misi\u00f3n, programada y protagonizada por los chavales, invitando a los j\u00f3venes de Ciudad Rodrigo y a sus habitantes a participar en una velada final y en la vigilia final.<\/li><li>Una experiencia de comuni\u00f3n viva entre las Di\u00f3cesis, en torno al Se\u00f1or. Que los j\u00f3venes compartan su vida, sus experiencias y su amistad como Iglesia que camina en Castilla y Le\u00f3n.<\/li><li>Participaci\u00f3n en la Jornada Mundial de la Juventud de R\u00edo a trav\u00e9s de pantallas.<\/li><\/ul>\n\n\n\n<figure class=\"wp-block-image\"><img decoding=\"async\" src=\"https:\/\/cristoredentor.es\/wp-content\/uploads\/2019\/10\/28_image.png\" alt=\"\"\/><\/figure>\n\n\n\n<figure class=\"wp-block-image\"><img decoding=\"async\" src=\"https:\/\/cristoredentor.es\/wp-content\/uploads\/2019\/10\/29_image.png\" alt=\"\"\/><\/figure>\n\n\n\n<h1 class=\"wp-block-heading\" id=\"cc-m-header-5560092416\">Convivencia Grupo de J\u00f3venes<\/h1>\n\n\n\n<h2 class=\"wp-block-heading\" id=\"cc-m-header-5044824716\">Casa de Oraci\u00f3n y Acogida Santo Domingo (Arcas Reales, Valladolid)<\/h2>\n\n\n\n<figure class=\"wp-block-image\"><img decoding=\"async\" src=\"https:\/\/cristoredentor.es\/wp-content\/uploads\/2019\/10\/40_image.jpg\" alt=\"Un momento de la jornada\"\/><figcaption>Un momento de la jornada<\/figcaption><\/figure>\n\n\n\n<p>El pasado&nbsp;<strong>s\u00e1bado 26 de Marzo de 2011<\/strong>&nbsp;los j\u00f3venes de Cristo Redentor tuvimos una convivencia en la Casa de Oraci\u00f3n y Acogida Santo Domingo en Arcas Reales, Valladolid. El lema del d\u00eda fue:<\/p>\n\n\n\n<p><strong>\u00abSOY CRISTIANO Y SOY MODERNO\u00bb<\/strong><\/p>\n\n\n\n<p>Compartimos todo un d\u00eda de experiencias y vivencias y el resultado de esta experiencia fue muy positivo. Tanto catequistas como j\u00f3venes, pasamos un d\u00eda muy especial.<\/p>\n\n\n\n<figure class=\"wp-block-image\"><a href=\"javascript:\"><img decoding=\"async\" src=\"https:\/\/cristoredentor.es\/wp-content\/uploads\/2019\/10\/41_image.jpg\" alt=\"\"\/><\/a><\/figure>\n\n\n\n<figure class=\"wp-block-image\"><a href=\"javascript:\"><img decoding=\"async\" src=\"https:\/\/cristoredentor.es\/wp-content\/uploads\/2019\/10\/42_image.jpg\" alt=\"\"\/><\/a><\/figure>\n\n\n\n<figure class=\"wp-block-image\"><a href=\"javascript:\"><img decoding=\"async\" src=\"https:\/\/cristoredentor.es\/wp-content\/uploads\/2019\/10\/43_image.jpg\" alt=\"\"\/><\/a><\/figure>\n\n\n\n<figure class=\"wp-block-image\"><a href=\"javascript:\"><img decoding=\"async\" src=\"https:\/\/cristoredentor.es\/wp-content\/uploads\/2019\/10\/44_image.jpg\" alt=\"\"\/><\/a><\/figure>\n\n\n\n<p>Comentarios:&nbsp;<em>3<\/em><\/p>\n\n\n\n<ul class=\"wp-block-list\"><li><strong>#4<\/strong><strong><\/strong>Nombre: *<br>Entrada: *<br>He le\u00eddo y acepto la&nbsp;<a href=\"https:\/\/www.cristoredentor.info\/j\/privacy\" target=\"_blank\" rel=\"noreferrer noopener\">Pol\u00edtica de privacidad<\/a>. *<br>&nbsp;* Espacios requeridos<\/li><li><strong>#3<\/strong><strong>Victor<\/strong>(<em>viernes, 26 octubre 2018 23:35<\/em>)Nlsb lzb knzxknxsbjsxxbscxsnlnlninkdjcjxjjcjcjjj<br>Nxnxnxmxmxmcmcmcjcncn<br>c<\/li><li><strong>#2<\/strong><strong>josslyn naranjo<\/strong>(<em>jueves, 12 abril 2018 17:26<\/em>)si<\/li><li><strong>#1<\/strong><strong>Susana (catequista)<\/strong>(<em>domingo, 03 abril 2011 16:28<\/em>)Para m\u00ed fue un d\u00eda muy enriquecedor. Me gustar\u00eda agradecer a los j\u00f3venes el regalo que me dieron al disfrutar de este d\u00eda conmigo. Para m\u00ed lo m\u00e1s bonito es poder compartir mi fe con todos vosotros. Tambi\u00e9n me gustar\u00eda agradecer a mis compis los catequistas todo el esfuerzo y trabajo realizado para llevar esto adelante.<br>Un mill\u00f3n de gracias!!!<\/li><\/ul>\n\n\n\n<h1 class=\"wp-block-heading\" id=\"cc-m-header-1842549316\">La Cruz de los J\u00f3venes y el Icono de Mar\u00eda en Valladolid<\/h1>\n\n\n\n<figure class=\"wp-block-image\"><a href=\"javascript:\"><img decoding=\"async\" src=\"https:\/\/cristoredentor.es\/wp-content\/uploads\/2019\/10\/45_image.jpg\" alt=\"\"\/><\/a><\/figure>\n\n\n\n<figure class=\"wp-block-image\"><a href=\"javascript:\"><img decoding=\"async\" src=\"https:\/\/cristoredentor.es\/wp-content\/uploads\/2019\/10\/46_image.jpg\" alt=\"\"\/><\/a><\/figure>\n\n\n\n<figure class=\"wp-block-image\"><a href=\"javascript:\"><img decoding=\"async\" src=\"https:\/\/cristoredentor.es\/wp-content\/uploads\/2019\/10\/47_image.jpg\" alt=\"\"\/><\/a><\/figure>\n\n\n\n<figure class=\"wp-block-image\"><a href=\"javascript:\"><img decoding=\"async\" src=\"https:\/\/cristoredentor.es\/wp-content\/uploads\/2019\/10\/48_image.jpg\" alt=\"\"\/><\/a><\/figure>\n\n\n\n<figure class=\"wp-block-image\"><a href=\"javascript:\"><img decoding=\"async\" src=\"https:\/\/cristoredentor.es\/wp-content\/uploads\/2019\/10\/49_image.jpg\" alt=\"\"\/><\/a><\/figure>\n\n\n\n<p>El pasado viernes 22 de Octubre celebramos un Via Crucis por toda la ciudad portando la Cruz de los J\u00f3venes y el icono de Mar\u00eda.<\/p>\n\n\n\n<p>Como j\u00f3venes de la parroquia portamos la Cruz en la 4\u00aa estaci\u00f3n, haciendo el recorrido desde la Iglesia de la Antigua hasta la Iglesia de las Angustias, haciendo el relevo frente a la imagen de Nuestra Se\u00f1ora de las Angustias.<\/p>\n\n\n\n<p>Todos sentimos gran emoci\u00f3n al vivirlo y queremos compartirlo con todos vosotros, como muestran las siguientes fotos, as\u00ed como animar a todos los j\u00f3venes para la JMJ.Comentarios:&nbsp;<em>7<\/em><\/p>\n\n\n\n<ul class=\"wp-block-list\"><li><strong>#8<\/strong><strong><\/strong>Nombre: *<br>Entrada: *<br>He le\u00eddo y acepto la&nbsp;<a href=\"https:\/\/www.cristoredentor.info\/j\/privacy\" target=\"_blank\" rel=\"noreferrer noopener\">Pol\u00edtica de privacidad<\/a>. *<br>&nbsp;* Espacios requeridos<\/li><li><strong>#7<\/strong><strong>josslyn narango<\/strong>(<em>jueves, 12 abril 2018 17:27<\/em>)quiero aprender muchas cosas<br><\/li><li><strong>#6<\/strong><strong>Angel<\/strong>(<em>mi\u00e9rcoles, 17 noviembre 2010 16:16<\/em>)Compoarto todo lo dicho por ana, dio pena ver como se fue, pero si por algo nos gusta tanto esta cruz y tenemos ese sentimiento hacia ella es porque nos pertenece a todos los j\u00f3venes, a toda la humanidad, y por ello lo mejor que podemos hacer es compartirla. Y por supuesto con la esperanza de volverla a poder llevar otra vez (aunque sea dentro de muchos a\u00f1os).<br><br>Un saludo a todos<\/li><li><strong>#5<\/strong><strong>ana gtk<\/strong>(<em>martes, 09 noviembre 2010 19:35<\/em>)te recorre un algo por el cuerpo cuando recuerdo la Semana de la Cruz y con que ilusion ha estado preparada.<br>La he tenido muy cerca, la he tocado y he pasado horas junto a ella&#8230; he compartido tanto con ella que no queria que se fuera de Valladolid pero a la vez&#8230; esta Cruz tiene tanto que transformar que la das con la misma alegria que otros jovenes la reciben<br><br>Jovenes!!! no perdamos de vista la Jornada Mundial de la Juventud en Madrid 2011<br><br>un abrazo!!<\/li><li><strong>#4<\/strong><a href=\"http:\/\/www.pastoraljuvenilvalladolid.com\/\" target=\"_blank\" rel=\"noreferrer noopener\">Sergio<\/a>(<em>s\u00e1bado, 06 noviembre 2010 15:11<\/em>)YO creo que ha sido una de las mejores experiencias que hemos vivido hasta ahora en nuestra Di\u00f3cesis. Y nos debe servir de motivaci\u00f3n de cada a la Jornada Mundial de la Juventud de MAdrid<\/li><li><strong>#3<\/strong><strong>Gonzalo<\/strong>(<em>s\u00e1bado, 06 noviembre 2010 14:05<\/em>)Me sent\u00ed importante por tocar la Cruz que ha viajado por todo el mundo como s\u00edmbolo que el Papa regal\u00f3 a los j\u00f3venes.<\/li><li><strong>#2<\/strong><strong>David<\/strong>(<em>s\u00e1bado, 06 noviembre 2010 13:31<\/em>)Me sent\u00ed bien aunque ech\u00e9 de menos a un buen amigo que quer\u00eda ir.<\/li><li><strong>#1<\/strong><strong>Susana<\/strong>(<em>lunes, 01 noviembre 2010 16:16<\/em>)Un saludo a tod@s los que colaborast\u00e9is el d\u00eda del Via Crucis.<br><br>Dejad vuestro comentario y explicad c\u00f3mo vivist\u00e9is ese momento.<br><br>\u00a1\u00c1nimo chic@s!<\/li><\/ul>\n\n\n\n<figure class=\"wp-block-image\"><img decoding=\"async\" src=\"https:\/\/cristoredentor.es\/wp-content\/uploads\/2019\/10\/50_image.jpg\" alt=\"\"\/><\/figure>\n\n\n\n<p>Toda la informaci\u00f3n de la JMJ puedes encontrarla en:<\/p>\n\n\n\n<p><a href=\"http:\/\/www.jmj2011valladolid.es\/\">www.jmj2011valladolid.es<\/a><\/p>\n\n\n\n<h1 class=\"wp-block-heading\" id=\"cc-m-header-1840660616\">JMJ<\/h1>\n\n\n\n<p>Ya estamos con los preparativos para la Jornada de la Juventud de Madrid 2011.<\/p>\n\n\n\n<p>Y necesitamos el apoyo de todos los j\u00f3venes.<\/p>\n\n\n\n<p>\u00a1\u00a1\u00a1 An\u00edmate !!!<\/p>\n\n\n\n<figure class=\"wp-block-image\"><img decoding=\"async\" src=\"https:\/\/cristoredentor.es\/wp-content\/uploads\/2019\/10\/51_image.jpg\" alt=\"Valladolid dice S\u00ed a la JMJ\"\/><figcaption>Valladolid dice S\u00ed a la JMJ<\/figcaption><\/figure>\n\n\n\n<p>Los j\u00f3venes de la parroquia estamos ya&nbsp;listos para la Jornada Mundial de la Juventud que se celebrar\u00e1 en Madrid entre el 16 y el 21 de Agosto de 2011.<\/p>\n\n\n\n<p>Para ello, estamos preparando nuestra parroquia para recibir a j\u00f3venes de todo el mundo y participar con ellos en este gran acontecimiento. Necesitamos la colaboraci\u00f3n de toda la comunidad.<\/p>\n\n\n\n<p>En est\u00e1 p\u00e1gina web se ir\u00e1n comentando todas las&nbsp;novedades que van surgiendo. Para m\u00e1s informaci\u00f3n, la web en Valladolid es:<\/p>\n\n\n\n<p><a href=\"http:\/\/www.jmj2011valladolid.com\/\">www.jmj2011valladolid.com<\/a><\/p>\n\n\n\n<p>Si alguien tiene alguna pregunta puede escribirla y se le informar\u00e1 de todo ello&#8230;<\/p>\n\n\n\n<figure class=\"wp-block-image\"><img decoding=\"async\" src=\"https:\/\/cristoredentor.es\/wp-content\/uploads\/2019\/10\/52_image.jpg\" alt=\"Valladolid dice s\u00ed a la JMJ\"\/><figcaption>Valladolid dice s\u00ed a la JMJ<\/figcaption><\/figure>\n\n\n\n<figure class=\"wp-block-image\"><img decoding=\"async\" src=\"https:\/\/cristoredentor.es\/wp-content\/uploads\/2019\/10\/53_image.jpg\" alt=\"Ap\u00fantate y participa en la JMJ\"\/><figcaption>Ap\u00fantate y participa en la JMJ<\/figcaption><\/figure>\n","protected":false},"excerpt":{"rendered":"<p>SOMOS Nuestra Comunidad Parroquial ofrece la participaci\u00f3n en&nbsp;tres tipos de grupos juveniles, es decir, grupos de j\u00f3venes que ya hemos confirmado nuestra fe: Grupos de Post-confirmaci\u00f3n: Somos&nbsp;j\u00f3venes que hemos recibido el sacramento de la Confirmaci\u00f3n este a\u00f1o o \u00faltimamente.&nbsp;Hay dos grupos que nos reunimos en diferentes d\u00edas. Grupo de j\u00f3venes maduros en clave de JEC: [&hellip;]<\/p>\n","protected":false},"author":4,"featured_media":0,"parent":0,"menu_order":0,"comment_status":"closed","ping_status":"closed","template":"","meta":{"site-sidebar-layout":"default","site-content-layout":"","ast-site-content-layout":"default","site-content-style":"default","site-sidebar-style":"default","ast-global-header-display":"","ast-banner-title-visibility":"","ast-main-header-display":"","ast-hfb-above-header-display":"","ast-hfb-below-header-display":"","ast-hfb-mobile-header-display":"","site-post-title":"","ast-breadcrumbs-content":"","ast-featured-img":"","footer-sml-layout":"","ast-disable-related-posts":"","theme-transparent-header-meta":"","adv-header-id-meta":"","stick-header-meta":"","header-above-stick-meta":"","header-main-stick-meta":"","header-below-stick-meta":"","astra-migrate-meta-layouts":"default","ast-page-background-enabled":"default","ast-page-background-meta":{"desktop":{"background-color":"var(--ast-global-color-4)","background-image":"","background-repeat":"repeat","background-position":"center center","background-size":"auto","background-attachment":"scroll","background-type":"","background-media":"","overlay-type":"","overlay-color":"","overlay-opacity":"","overlay-gradient":""},"tablet":{"background-color":"","background-image":"","background-repeat":"repeat","background-position":"center center","background-size":"auto","background-attachment":"scroll","background-type":"","background-media":"","overlay-type":"","overlay-color":"","overlay-opacity":"","overlay-gradient":""},"mobile":{"background-color":"","background-image":"","background-repeat":"repeat","background-position":"center center","background-size":"auto","background-attachment":"scroll","background-type":"","background-media":"","overlay-type":"","overlay-color":"","overlay-opacity":"","overlay-gradient":""}},"ast-content-background-meta":{"desktop":{"background-color":"var(--ast-global-color-5)","background-image":"","background-repeat":"repeat","background-position":"center center","background-size":"auto","background-attachment":"scroll","background-type":"","background-media":"","overlay-type":"","overlay-color":"","overlay-opacity":"","overlay-gradient":""},"tablet":{"background-color":"var(--ast-global-color-5)","background-image":"","background-repeat":"repeat","background-position":"center center","background-size":"auto","background-attachment":"scroll","background-type":"","background-media":"","overlay-type":"","overlay-color":"","overlay-opacity":"","overlay-gradient":""},"mobile":{"background-color":"var(--ast-global-color-5)","background-image":"","background-repeat":"repeat","background-position":"center center","background-size":"auto","background-attachment":"scroll","background-type":"","background-media":"","overlay-type":"","overlay-color":"","overlay-opacity":"","overlay-gradient":""}},"footnotes":""},"class_list":["post-1135","page","type-page","status-publish","hentry"],"_links":{"self":[{"href":"https:\/\/cristoredentor.es\/index.php?rest_route=\/wp\/v2\/pages\/1135","targetHints":{"allow":["GET"]}}],"collection":[{"href":"https:\/\/cristoredentor.es\/index.php?rest_route=\/wp\/v2\/pages"}],"about":[{"href":"https:\/\/cristoredentor.es\/index.php?rest_route=\/wp\/v2\/types\/page"}],"author":[{"embeddable":true,"href":"https:\/\/cristoredentor.es\/index.php?rest_route=\/wp\/v2\/users\/4"}],"replies":[{"embeddable":true,"href":"https:\/\/cristoredentor.es\/index.php?rest_route=%2Fwp%2Fv2%2Fcomments&post=1135"}],"version-history":[{"count":3,"href":"https:\/\/cristoredentor.es\/index.php?rest_route=\/wp\/v2\/pages\/1135\/revisions"}],"predecessor-version":[{"id":1159,"href":"https:\/\/cristoredentor.es\/index.php?rest_route=\/wp\/v2\/pages\/1135\/revisions\/1159"}],"wp:attachment":[{"href":"https:\/\/cristoredentor.es\/index.php?rest_route=%2Fwp%2Fv2%2Fmedia&parent=1135"}],"curies":[{"name":"wp","href":"https:\/\/api.w.org\/{rel}","templated":true}]}}