{"id":1366,"date":"2019-10-15T23:13:17","date_gmt":"2019-10-15T21:13:17","guid":{"rendered":"https:\/\/cristoredentor.es\/?page_id=1366"},"modified":"2019-10-15T23:13:17","modified_gmt":"2019-10-15T21:13:17","slug":"18-01-pastoral-familiar-parroquial","status":"publish","type":"page","link":"https:\/\/cristoredentor.es\/?page_id=1366","title":{"rendered":"18-01 PASTORAL FAMILIAR PARROQUIAL"},"content":{"rendered":"\n<h1 class=\"wp-block-heading\">SOMOS<\/h1>\n\n\n\n<p>La Comunidad Parroquial quiere que la familia se incorpore de una manera fundamental en todos los \u00e1mbitos y procesos educativos que se dan en la Parroquia.<\/p>\n\n\n\n<h1 class=\"wp-block-heading\"><strong>NUESTRO SERVICIO CONSISTE EN<\/strong><\/h1>\n\n\n\n<p>&#8211;&nbsp;Sensibilizar a toda la Comunidad Parroquial de la importancia&nbsp;que&nbsp;tiene la familia en todo proceso de educaci\u00f3n en la fe.<\/p>\n\n\n\n<p>&#8211;&nbsp;Proponer a las familias que se impliquen lo m\u00e1s posible form\u00e1ndose y acompa\u00f1ando a sus hijos en su proceso educativo de fe.<\/p>\n\n\n\n<p>&#8211;&nbsp;Proponer a los padres cuyos hijos est\u00e1n en Iniciaci\u00f3n e Infancia&nbsp;Adulta que a la misma hora que dan catequesis sus hijos ellos&nbsp;tambi\u00e9n puedan tener un acompa\u00f1amiento en su vivencia de fe&nbsp;para que puedan ayudar mejor a sus hijos en su proceso&nbsp;madurativo de educaci\u00f3n en la fe.<\/p>\n\n\n\n<p>&#8211;&nbsp;Reuniones con los padres por grupos y por niveles a lo largo del&nbsp;curso en los diversos procesos formativos.<\/p>\n\n\n\n<p>&#8211;&nbsp;Implicar a los padres en la preparaci\u00f3n de las Eucarist\u00edas que&nbsp;preparan los distintos grupos de catequesis.<\/p>\n\n\n\n<h1 class=\"wp-block-heading\"><strong>NUESTROS OBJETIVOS SON<\/strong><\/h1>\n\n\n\n<p>&#8211;&nbsp;Hoy en d\u00eda puede resultar dif\u00edcil vivir en familia. Las presiones&nbsp;culturales y econ\u00f3micas, la competitividad y los valores&nbsp;cambiantes hacen que la vida de familia sea cada vez m\u00e1s&nbsp;complicada.<\/p>\n\n\n\n<p>&#8211;&nbsp;La pastoral familiar parroquial y el grupo de familia plantea&nbsp;evidenciar los valores y el estilo de vida que pone a la familia en&nbsp;el centro de la sociedad como pilar indiscutible sobre el cual&nbsp;construirla.<\/p>\n\n\n\n<p>&#8211;&nbsp;La importancia de la familia es vital.<\/p>\n\n\n\n<p>&#8211;&nbsp;Dios nos creo para ser padres de nuestros hijos y los creo a ellos&nbsp;para ser hijos nuestros. Entre todos nos damos lo que ning\u00fan&nbsp;otro nos puede dar.<\/p>\n\n\n\n<p>&#8211;&nbsp;Implicaci\u00f3n de la familia en el quehacer parroquial y en los distintos&nbsp;procesos educativos como un pilar fundamental en el trabajo&nbsp;conjunto de los dos \u00e1mbitos, el familiar y el parroquial.<\/p>\n\n\n\n<p>&#8211;&nbsp;Que la familia participe y acompa\u00f1e activamente a sus hijos.&nbsp;&nbsp;<\/p>\n\n\n\n<h1 class=\"wp-block-heading\"><strong>NOS REUNIMOS<\/strong><\/h1>\n\n\n\n<p>&#8211;&nbsp;Los padres de los procesos de catequesis de Iniciaci\u00f3n e Infancia&nbsp;Adulta en los Locales Parroquiales en los d\u00edas y a las horas que&nbsp;se imparte la catequesis.<br><\/p>\n","protected":false},"excerpt":{"rendered":"<p>SOMOS La Comunidad Parroquial quiere que la familia se incorpore de una manera fundamental en todos los \u00e1mbitos y procesos educativos que se dan en la Parroquia. NUESTRO SERVICIO CONSISTE EN &#8211;&nbsp;Sensibilizar a toda la Comunidad Parroquial de la importancia&nbsp;que&nbsp;tiene la familia en todo proceso de educaci\u00f3n en la fe. &#8211;&nbsp;Proponer a las familias que [&hellip;]<\/p>\n","protected":false},"author":4,"featured_media":0,"parent":0,"menu_order":0,"comment_status":"closed","ping_status":"closed","template":"","meta":{"site-sidebar-layout":"default","site-content-layout":"","ast-site-content-layout":"default","site-content-style":"default","site-sidebar-style":"default","ast-global-header-display":"","ast-banner-title-visibility":"","ast-main-header-display":"","ast-hfb-above-header-display":"","ast-hfb-below-header-display":"","ast-hfb-mobile-header-display":"","site-post-title":"","ast-breadcrumbs-content":"","ast-featured-img":"","footer-sml-layout":"","ast-disable-related-posts":"","theme-transparent-header-meta":"","adv-header-id-meta":"","stick-header-meta":"","header-above-stick-meta":"","header-main-stick-meta":"","header-below-stick-meta":"","astra-migrate-meta-layouts":"default","ast-page-background-enabled":"default","ast-page-background-meta":{"desktop":{"background-color":"var(--ast-global-color-4)","background-image":"","background-repeat":"repeat","background-position":"center center","background-size":"auto","background-attachment":"scroll","background-type":"","background-media":"","overlay-type":"","overlay-color":"","overlay-opacity":"","overlay-gradient":""},"tablet":{"background-color":"","background-image":"","background-repeat":"repeat","background-position":"center center","background-size":"auto","background-attachment":"scroll","background-type":"","background-media":"","overlay-type":"","overlay-color":"","overlay-opacity":"","overlay-gradient":""},"mobile":{"background-color":"","background-image":"","background-repeat":"repeat","background-position":"center center","background-size":"auto","background-attachment":"scroll","background-type":"","background-media":"","overlay-type":"","overlay-color":"","overlay-opacity":"","overlay-gradient":""}},"ast-content-background-meta":{"desktop":{"background-color":"var(--ast-global-color-5)","background-image":"","background-repeat":"repeat","background-position":"center center","background-size":"auto","background-attachment":"scroll","background-type":"","background-media":"","overlay-type":"","overlay-color":"","overlay-opacity":"","overlay-gradient":""},"tablet":{"background-color":"var(--ast-global-color-5)","background-image":"","background-repeat":"repeat","background-position":"center center","background-size":"auto","background-attachment":"scroll","background-type":"","background-media":"","overlay-type":"","overlay-color":"","overlay-opacity":"","overlay-gradient":""},"mobile":{"background-color":"var(--ast-global-color-5)","background-image":"","background-repeat":"repeat","background-position":"center center","background-size":"auto","background-attachment":"scroll","background-type":"","background-media":"","overlay-type":"","overlay-color":"","overlay-opacity":"","overlay-gradient":""}},"footnotes":""},"class_list":["post-1366","page","type-page","status-publish","hentry"],"_links":{"self":[{"href":"https:\/\/cristoredentor.es\/index.php?rest_route=\/wp\/v2\/pages\/1366","targetHints":{"allow":["GET"]}}],"collection":[{"href":"https:\/\/cristoredentor.es\/index.php?rest_route=\/wp\/v2\/pages"}],"about":[{"href":"https:\/\/cristoredentor.es\/index.php?rest_route=\/wp\/v2\/types\/page"}],"author":[{"embeddable":true,"href":"https:\/\/cristoredentor.es\/index.php?rest_route=\/wp\/v2\/users\/4"}],"replies":[{"embeddable":true,"href":"https:\/\/cristoredentor.es\/index.php?rest_route=%2Fwp%2Fv2%2Fcomments&post=1366"}],"version-history":[{"count":1,"href":"https:\/\/cristoredentor.es\/index.php?rest_route=\/wp\/v2\/pages\/1366\/revisions"}],"predecessor-version":[{"id":1367,"href":"https:\/\/cristoredentor.es\/index.php?rest_route=\/wp\/v2\/pages\/1366\/revisions\/1367"}],"wp:attachment":[{"href":"https:\/\/cristoredentor.es\/index.php?rest_route=%2Fwp%2Fv2%2Fmedia&parent=1366"}],"curies":[{"name":"wp","href":"https:\/\/api.w.org\/{rel}","templated":true}]}}