{"id":614,"date":"2019-09-22T14:52:36","date_gmt":"2019-09-22T12:52:36","guid":{"rendered":"https:\/\/cristoredentor.es\/?page_id=614"},"modified":"2019-10-15T23:00:22","modified_gmt":"2019-10-15T21:00:22","slug":"09-grupo-de-acompanamiento-y-evangelizacion-con-mayores","status":"publish","type":"page","link":"https:\/\/cristoredentor.es\/?page_id=614","title":{"rendered":"09 ACOMPA\u00d1AMIENTO Y EVANGELIZACI\u00d3N CON MAYORES"},"content":{"rendered":"\n<h1><strong>SOMOS<\/strong><\/h1>\n<p>Un <strong>grupo de se\u00f1oras<\/strong>, amas de casa y madres de familia, de edades comprendidas entre 57 y 95 a\u00f1os. Tambi\u00e9n asisten <strong>se\u00f1ores.<\/strong><\/p>\n<p>\u00a0<\/p>\n<p>En este peque\u00f1o grupo de personas mayores tenemos todav\u00eda una gran ilusi\u00f3n por aprender cosas y hablar con los dem\u00e1s de nuestros proyectos e ilusiones.<\/p>\n<p><strong>\u00a0<\/strong><\/p>\n<p><strong>\u00a0<\/strong><\/p>\n<h1><strong>NUESTRO SERVICIO CONSISTE EN<\/strong><\/h1>\n<p>\u00a0<\/p>\n<p class=\"Contenidodelatabla\">&#8211;\u00a0<strong>Recordar lo que sabemos desde ni\u00f1os por el catecismo,<\/strong> para<\/p>\n<p class=\"Contenidodelatabla\">\u00a0 \u00a0 vivirlo ahora de una manera distinta.<\/p>\n<p class=\"Contenidodelatabla\">&#8211;\u00a0<strong>Conocer m\u00e1s a Jes\u00fas de Nazaret y profundizar en su palabra y<\/strong><\/p>\n<p class=\"Contenidodelatabla\"><strong>\u00a0 \u00a0 en sus obras.<\/strong><\/p>\n<p class=\"Contenidodelatabla\">&#8211;\u00a0<strong>Comprender mejor la misericordia del Se\u00f1or<\/strong> a trav\u00e9s de las<\/p>\n<p class=\"Contenidodelatabla\">\u00a0 \u00a0 Par\u00e1bolas del Evangelio.<\/p>\n<p class=\"Contenidodelatabla\">&#8211;\u00a0<strong>Seguir y profundizar en los tiempos lit\u00fargicos,<\/strong> especialmente los<\/p>\n<p class=\"Contenidodelatabla\">\u00a0 \u00a0 m\u00e1s hermosos como la Navidad y la Pascua.<\/p>\n<p class=\"Contenidodelatabla\">&#8211;\u00a0<strong>Celebrar y comprender las fiestas,<\/strong> como la Ascensi\u00f3n del Se\u00f1or y<\/p>\n<p class=\"Contenidodelatabla\">\u00a0 \u00a0 la venida del Esp\u00edritu Santo.<\/p>\n<p><strong>\u00a0<\/strong><\/p>\n<p><strong>\u00a0<\/strong><\/p>\n<h1><strong>NUESTROS OBJETIVOS SON<\/strong><\/h1>\n<p>\u00a0<\/p>\n<p class=\"Contenidodelatabla\">&#8211;\u00a0<strong>Ayudarnos unos a otros y reforzar nuestra amistad.<\/strong><\/p>\n<p>&#8211;\u00a0<strong>La edad no nos permite mucha actividad. Pero s\u00ed que podemos<\/strong><\/p>\n<p><strong>\u00a0 \u00a0 orar<\/strong>, pedir al Se\u00f1or por todos, por la paz del mundo, por los<\/p>\n<p>\u00a0 \u00a0 enfermos, por las madres y padres de familia, por los que est\u00e1n<\/p>\n<p>\u00a0 \u00a0 solos\/as en la vida, por nuestra parroquia, por la Iglesia, por las<\/p>\n<p>\u00a0 \u00a0 vocaciones, por nuestras familias, etc.<\/p>\n<p><strong>\u00a0<\/strong><\/p>\n<p><strong>\u00a0<\/strong><\/p>\n<h1><strong>NOS REUNIMOS\u00a0<\/strong><\/h1>\n<p>En los locales parroquiales, en principio los <strong>martes a las 6h de la tarde.<\/strong><\/p>\n","protected":false},"excerpt":{"rendered":"<p>SOMOS Un grupo de se\u00f1oras, amas de casa y madres de familia, de edades comprendidas entre 57 y 95 a\u00f1os. Tambi\u00e9n asisten se\u00f1ores. \u00a0 En este peque\u00f1o grupo de personas mayores tenemos todav\u00eda una gran ilusi\u00f3n por aprender cosas y hablar con los dem\u00e1s de nuestros proyectos e ilusiones. \u00a0 \u00a0 NUESTRO SERVICIO CONSISTE EN [&hellip;]<\/p>\n","protected":false},"author":1,"featured_media":0,"parent":0,"menu_order":0,"comment_status":"closed","ping_status":"closed","template":"","meta":{"site-sidebar-layout":"default","site-content-layout":"","ast-site-content-layout":"default","site-content-style":"default","site-sidebar-style":"default","ast-global-header-display":"","ast-banner-title-visibility":"","ast-main-header-display":"","ast-hfb-above-header-display":"","ast-hfb-below-header-display":"","ast-hfb-mobile-header-display":"","site-post-title":"","ast-breadcrumbs-content":"","ast-featured-img":"","footer-sml-layout":"","ast-disable-related-posts":"","theme-transparent-header-meta":"","adv-header-id-meta":"","stick-header-meta":"","header-above-stick-meta":"","header-main-stick-meta":"","header-below-stick-meta":"","astra-migrate-meta-layouts":"default","ast-page-background-enabled":"default","ast-page-background-meta":{"desktop":{"background-color":"var(--ast-global-color-4)","background-image":"","background-repeat":"repeat","background-position":"center center","background-size":"auto","background-attachment":"scroll","background-type":"","background-media":"","overlay-type":"","overlay-color":"","overlay-opacity":"","overlay-gradient":""},"tablet":{"background-color":"","background-image":"","background-repeat":"repeat","background-position":"center center","background-size":"auto","background-attachment":"scroll","background-type":"","background-media":"","overlay-type":"","overlay-color":"","overlay-opacity":"","overlay-gradient":""},"mobile":{"background-color":"","background-image":"","background-repeat":"repeat","background-position":"center center","background-size":"auto","background-attachment":"scroll","background-type":"","background-media":"","overlay-type":"","overlay-color":"","overlay-opacity":"","overlay-gradient":""}},"ast-content-background-meta":{"desktop":{"background-color":"var(--ast-global-color-5)","background-image":"","background-repeat":"repeat","background-position":"center center","background-size":"auto","background-attachment":"scroll","background-type":"","background-media":"","overlay-type":"","overlay-color":"","overlay-opacity":"","overlay-gradient":""},"tablet":{"background-color":"var(--ast-global-color-5)","background-image":"","background-repeat":"repeat","background-position":"center center","background-size":"auto","background-attachment":"scroll","background-type":"","background-media":"","overlay-type":"","overlay-color":"","overlay-opacity":"","overlay-gradient":""},"mobile":{"background-color":"var(--ast-global-color-5)","background-image":"","background-repeat":"repeat","background-position":"center center","background-size":"auto","background-attachment":"scroll","background-type":"","background-media":"","overlay-type":"","overlay-color":"","overlay-opacity":"","overlay-gradient":""}},"footnotes":""},"class_list":["post-614","page","type-page","status-publish","hentry"],"_links":{"self":[{"href":"https:\/\/cristoredentor.es\/index.php?rest_route=\/wp\/v2\/pages\/614","targetHints":{"allow":["GET"]}}],"collection":[{"href":"https:\/\/cristoredentor.es\/index.php?rest_route=\/wp\/v2\/pages"}],"about":[{"href":"https:\/\/cristoredentor.es\/index.php?rest_route=\/wp\/v2\/types\/page"}],"author":[{"embeddable":true,"href":"https:\/\/cristoredentor.es\/index.php?rest_route=\/wp\/v2\/users\/1"}],"replies":[{"embeddable":true,"href":"https:\/\/cristoredentor.es\/index.php?rest_route=%2Fwp%2Fv2%2Fcomments&post=614"}],"version-history":[{"count":2,"href":"https:\/\/cristoredentor.es\/index.php?rest_route=\/wp\/v2\/pages\/614\/revisions"}],"predecessor-version":[{"id":1345,"href":"https:\/\/cristoredentor.es\/index.php?rest_route=\/wp\/v2\/pages\/614\/revisions\/1345"}],"wp:attachment":[{"href":"https:\/\/cristoredentor.es\/index.php?rest_route=%2Fwp%2Fv2%2Fmedia&parent=614"}],"curies":[{"name":"wp","href":"https:\/\/api.w.org\/{rel}","templated":true}]}}