{"id":616,"date":"2019-09-22T14:54:06","date_gmt":"2019-09-22T12:54:06","guid":{"rendered":"https:\/\/cristoredentor.es\/?page_id=616"},"modified":"2019-10-15T23:01:00","modified_gmt":"2019-10-15T21:01:00","slug":"10-grupo-de-formacion-de-adultos","status":"publish","type":"page","link":"https:\/\/cristoredentor.es\/?page_id=616","title":{"rendered":"10 FORMACI\u00d3N DE ADULTOS"},"content":{"rendered":"\n<div id=\"cc-m-5636756116\" class=\"j-module n j-text \">\n<h1><strong>SOMOS<\/strong><\/h1>\n<p><strong>Un grupo de personas adultas que nos reunimos para vivir nuestra fe<\/strong> al servicio de la Parroquia y de los que nos puedan necesitar.\u00a0 Nos dirige y nos acompa\u00f1a Jos\u00e9 Manuel y Joaqu\u00edn.<\/p>\n<p><strong>\u00a0<\/strong><\/p>\n<h1><strong>NUESTRO SERVICIO CONSISTE EN<\/strong><\/h1>\n<p>&#8211;\u00a0<strong>Vivimos la formaci\u00f3n a trav\u00e9s del Itinerario de Formaci\u00f3n<\/strong><\/p>\n<p><strong>\u00a0 \u00a0 Cristiana para Adultos.<\/strong> Lo hacemos meditando la Palabra de<\/p>\n<p>\u00a0 \u00a0 Dios.<\/p>\n<p><strong>&#8211; Conocimiento y profundizaci\u00f3n en diversos documentos de la Iglesia.<\/strong><\/p>\n<p>&#8211;\u00a0<strong>Nos formamos en la Liturgia.<\/strong><\/p>\n<p>&#8211;\u00a0<strong>Celebramos y preparamos la Eucarist\u00eda los mi\u00e9rcoles.<\/strong><\/p>\n<p>&#8211;\u00a0<strong>Compartimos la Oraci\u00f3n.<\/strong><\/p>\n<p>&#8211;\u00a0<strong>Una vez al mes<\/strong> <strong>tenemos un \u201cpica\u201d (merienda) compartido.<\/strong><\/p>\n<p><strong>\u00a0<\/strong><\/p>\n<p><strong>\u00a0<\/strong><\/p>\n<h1><strong>NUESTROS OBJETIVOS SON<\/strong><\/h1>\n<p>&#8211;\u00a0<strong>Reunirnos para acompa\u00f1arnos en la Fe.<\/strong><\/p>\n<p>&#8211;\u00a0<strong>Formarnos como cristianos comprometidos.<\/strong><\/p>\n<p>&#8211;\u00a0<strong>Colaborar en la Pastoral de la Parroquia desde nuestra propia<\/strong><\/p>\n<p><strong>\u00a0 \u00a0 experiencia.<\/strong><\/p>\n<p><strong>\u00a0<\/strong><\/p>\n<h1><strong>NOS REUNIMOS<\/strong><\/h1>\n<p>En los locales parroquiales los <strong>mi\u00e9rcoles a las 20:00 horas.<\/strong><strong>\u00a0<\/strong><\/p>\n<p>\u00a0<\/p>\n<\/div>\n<div id=\"cc-m-9981288498\" class=\"j-module n j-hr \">\n<div class=\"hr\">\u00a0<\/div>\n<\/div>\n<div id=\"cc-m-9981288598\" class=\"j-module n j-header \">\n<h1 id=\"cc-m-header-9981288598\" class=\"\">Celebraci\u00f3n 50 aniversario de matrimonio<\/h1>\n<\/div>\n<div id=\"cc-m-9981288698\" class=\"j-module n j-text \">\n<p style=\"text-align: justify;\"><span style=\"font-size: 13px;\"><strong>Resti y M\u00aa Luisa<\/strong>, del grupo de adultos de nuestra Comunidad, han celebrado el 50 aniversario de su matrimonio.<\/span><\/p>\n<p style=\"text-align: justify;\"><span style=\"font-size: 13px;\">Por este motivo compartieron este pasado mi\u00e9rcoles 29 de abril\u00a0una cena con todo el grupo de adultos al que pertenecen y con el que se re\u00fanen semanalmente.<\/span><\/p>\n<p style=\"text-align: justify;\"><span style=\"font-size: 13px;\">Toda la Comunidad Cristo Redentor queremos felicitarles por su entrega en estos a\u00f1os compartidos de\u00a0matrimonio y por su servicio a la Comunidad.\u00a0<strong>\u00a1ENHORABUENA!<\/strong><\/span><\/p>\n<\/div>\n<div id=\"cc-m-9981289298\" class=\"j-module n j-gallery \">\n<div id=\"cc-m-gallery-9981289298\" class=\"cc-m-gallery-container            cc-m-gallery-slider                        cc-m-gallery-slider-fullscreen-enabled           \">\n<div class=\"bx-wrapper\">\n<div class=\"bx-viewport\" aria-live=\"polite\">\n<ul>\n<li class=\"bx-clone\" aria-hidden=\"true\"><a rel=\"\" data-href=\"https:\/\/cristoredentor.es\/wp-content\/uploads\/2019\/09\/73_image.jpg\" data-title=\"\"> <img decoding=\"async\" src=\"https:\/\/cristoredentor.es\/wp-content\/uploads\/2019\/09\/73_image.jpg\" alt=\"\" data-orig-width=\"1280\" data-orig-height=\"960\" \/> <\/a><\/li>\n<li aria-hidden=\"false\"><a rel=\"lightbox[9981289298]\" data-href=\"https:\/\/cristoredentor.es\/wp-content\/uploads\/2019\/09\/74_image.jpg\" data-title=\"\" data-index=\"0\"> <img decoding=\"async\" src=\"https:\/\/cristoredentor.es\/wp-content\/uploads\/2019\/09\/74_image.jpg\" alt=\"\" data-orig-width=\"1280\" data-orig-height=\"960\" \/> <\/a><\/li>\n<li aria-hidden=\"true\"><a rel=\"lightbox[9981289298]\" data-href=\"https:\/\/cristoredentor.es\/wp-content\/uploads\/2019\/09\/75_image.jpg\" data-title=\"\" data-index=\"1\"> <img decoding=\"async\" src=\"https:\/\/cristoredentor.es\/wp-content\/uploads\/2019\/09\/75_image.jpg\" alt=\"\" data-orig-width=\"1280\" data-orig-height=\"960\" \/> <\/a><\/li>\n<li aria-hidden=\"true\"><a rel=\"lightbox[9981289298]\" data-href=\"https:\/\/cristoredentor.es\/wp-content\/uploads\/2019\/09\/76_image.jpg\" data-title=\"\" data-index=\"2\"> <img decoding=\"async\" src=\"https:\/\/cristoredentor.es\/wp-content\/uploads\/2019\/09\/76_image.jpg\" alt=\"\" data-orig-width=\"960\" data-orig-height=\"1280\" \/> <\/a><\/li>\n<li aria-hidden=\"true\"><a rel=\"lightbox[9981289298]\" data-href=\"https:\/\/cristoredentor.es\/wp-content\/uploads\/2019\/09\/73_image.jpg\" data-title=\"\" data-index=\"3\"> <img decoding=\"async\" src=\"https:\/\/cristoredentor.es\/wp-content\/uploads\/2019\/09\/73_image.jpg\" alt=\"\" data-orig-width=\"1280\" data-orig-height=\"960\" \/> <\/a><\/li>\n<li class=\"bx-clone\" aria-hidden=\"true\"><a rel=\"\" data-href=\"https:\/\/cristoredentor.es\/wp-content\/uploads\/2019\/09\/74_image.jpg\" data-title=\"\"> <img decoding=\"async\" src=\"https:\/\/cristoredentor.es\/wp-content\/uploads\/2019\/09\/74_image.jpg\" alt=\"\" data-orig-width=\"1280\" data-orig-height=\"960\" \/> <\/a><\/li>\n<\/ul>\n<\/div>\n<div class=\"bx-controls bx-has-controls-direction bx-has-controls-auto\">\n<div class=\"bx-controls-direction\">\u00a0<\/div>\n<div class=\"bx-controls-auto\">\n<div class=\"bx-controls-auto-item\">\u00a0<\/div>\n<\/div>\n<\/div>\n<\/div>\n<div class=\"cc-m-gallery-slider-bar\">\n<div class=\"cc-m-gallery-slider-thumbnails-wrapper\">\n<div class=\"cc-m-gallery-slider-thumbnails\"><a class=\"active\" href=\"https:\/\/www.cristoredentor.info\/grupos\/10-formaci%C3%B3n-de-adultos\/\" data-slide-index=\"0\"> <img decoding=\"async\" src=\"https:\/\/cristoredentor.es\/wp-content\/uploads\/2019\/09\/77_image.jpg\" alt=\"\" \/> <\/a> <a class=\"\" href=\"https:\/\/www.cristoredentor.info\/grupos\/10-formaci%C3%B3n-de-adultos\/\" data-slide-index=\"1\"> <img decoding=\"async\" src=\"https:\/\/cristoredentor.es\/wp-content\/uploads\/2019\/09\/78_image.jpg\" alt=\"\" \/> <\/a> <a class=\"\" href=\"https:\/\/www.cristoredentor.info\/grupos\/10-formaci%C3%B3n-de-adultos\/\" data-slide-index=\"2\"> <img decoding=\"async\" src=\"https:\/\/cristoredentor.es\/wp-content\/uploads\/2019\/09\/79_image.jpg\" alt=\"\" \/> <\/a> <a class=\"\" href=\"https:\/\/www.cristoredentor.info\/grupos\/10-formaci%C3%B3n-de-adultos\/\" data-slide-index=\"3\"> <img decoding=\"async\" src=\"https:\/\/cristoredentor.es\/wp-content\/uploads\/2019\/09\/80_image.jpg\" alt=\"\" \/> <\/a><\/div>\n<\/div>\n<\/div>\n<\/div>\n<\/div>\n<div id=\"cc-m-9982532598\" class=\"j-module n j-text \">\n<p><span style=\"font-size: 13px;\">El grupo de adultos ha escrito las siguientes palabras para ellos.<\/span><\/p>\n<p style=\"text-align: justify;\"><span style=\"font-size: 13px;\"><strong>Resti y M\u00aa Luisa, han celebrado con nuestro grupo de adultos, sus recientes bodas de oro.<\/strong><\/span><\/p>\n<p style=\"text-align: justify;\"><span style=\"font-size: 13px;\">\u00a1Cincuenta a\u00f1os! Cincuenta a\u00f1os donde os hab\u00e9is ido enamorando con la madurez que da el d\u00eda a d\u00eda. Cincuenta a\u00f1os que es como si acabaran de comenzar, reviviendo de nuevo vuestros recuerdos de los primeros paseos, besos, planes de futuro, etc. Los frutos est\u00e1n ah\u00ed y ese es vuestro legado en la vida: hijos, nietos, amigos y como no, este grupo, que tanto os quiere.<\/span><\/p>\n<p style=\"text-align: justify;\"><span style=\"font-size: 13px;\">Qu\u00e9 r\u00e1pido han pasado estos 50 a\u00f1os, pero cuantos recuerdos os provocan. Unos habr\u00e1n sido alegres y otros tristes, unos los habr\u00e9is vivido en blanco y negro y otros en color, pero lo importante es que los ten\u00e9is y los compart\u00eds juntos y eso es lo que os prometisteis el d\u00eda de esa fecha tan especial: vuestra boda.<\/span><\/p>\n<p style=\"text-align: justify;\"><span style=\"font-size: 13px;\">Hab\u00e9is hecho real el compromiso de compartir la vida con los dem\u00e1s y eso os hace ser muy importantes para todos nosotros, miembros del grupo, que junto a Jos\u00e9 Manuel y a Joaqu\u00edn caminamos para formarnos y perseverar en nuestra fe de creyentes.<\/span><\/p>\n<p style=\"text-align: justify;\"><span style=\"font-size: 13px;\">Nos sentimos alegres pero sobre todo profundamente agradecidos por poder disfrutar de vosotros cada mi\u00e9rcoles. Os hemos visto crecer en la entrega y en el compromiso y tambi\u00e9n en la lucha por superar todas las dificultades que la vida nos pone en el camino, para que nos esforcemos a superarlas.<\/span><\/p>\n<p style=\"text-align: justify;\"><span style=\"font-size: 13px;\">El amor es decir S\u00cd de nuevo cada d\u00eda, el amor es un beso furtivo, el amor es la plena confianza entre los dos, el amor es pedir perd\u00f3n cuando m\u00e1s nos cuesta, el amor es rezar juntos ante las desgracias y ante las alegr\u00edas, el amor es disfrutar juntos de las peque\u00f1as cosas. <strong>El amor es&#8230; vuestra presencia aqu\u00ed y vuestro ejemplo.<\/strong><\/span><\/p>\n<p style=\"text-align: justify;\"><span style=\"font-size: 13px;\">Muchas gracias por dejarnos formar parte de vuestra vida<\/span><\/p>\n<\/div>\n","protected":false},"excerpt":{"rendered":"<p>SOMOS Un grupo de personas adultas que nos reunimos para vivir nuestra fe al servicio de la Parroquia y de los que nos puedan necesitar.\u00a0 Nos dirige y nos acompa\u00f1a Jos\u00e9 Manuel y Joaqu\u00edn. \u00a0 NUESTRO SERVICIO CONSISTE EN &#8211;\u00a0Vivimos la formaci\u00f3n a trav\u00e9s del Itinerario de Formaci\u00f3n \u00a0 \u00a0 Cristiana para Adultos. Lo hacemos [&hellip;]<\/p>\n","protected":false},"author":1,"featured_media":0,"parent":0,"menu_order":0,"comment_status":"closed","ping_status":"closed","template":"","meta":{"site-sidebar-layout":"default","site-content-layout":"","ast-site-content-layout":"default","site-content-style":"default","site-sidebar-style":"default","ast-global-header-display":"","ast-banner-title-visibility":"","ast-main-header-display":"","ast-hfb-above-header-display":"","ast-hfb-below-header-display":"","ast-hfb-mobile-header-display":"","site-post-title":"","ast-breadcrumbs-content":"","ast-featured-img":"","footer-sml-layout":"","ast-disable-related-posts":"","theme-transparent-header-meta":"","adv-header-id-meta":"","stick-header-meta":"","header-above-stick-meta":"","header-main-stick-meta":"","header-below-stick-meta":"","astra-migrate-meta-layouts":"default","ast-page-background-enabled":"default","ast-page-background-meta":{"desktop":{"background-color":"var(--ast-global-color-4)","background-image":"","background-repeat":"repeat","background-position":"center center","background-size":"auto","background-attachment":"scroll","background-type":"","background-media":"","overlay-type":"","overlay-color":"","overlay-opacity":"","overlay-gradient":""},"tablet":{"background-color":"","background-image":"","background-repeat":"repeat","background-position":"center center","background-size":"auto","background-attachment":"scroll","background-type":"","background-media":"","overlay-type":"","overlay-color":"","overlay-opacity":"","overlay-gradient":""},"mobile":{"background-color":"","background-image":"","background-repeat":"repeat","background-position":"center center","background-size":"auto","background-attachment":"scroll","background-type":"","background-media":"","overlay-type":"","overlay-color":"","overlay-opacity":"","overlay-gradient":""}},"ast-content-background-meta":{"desktop":{"background-color":"var(--ast-global-color-5)","background-image":"","background-repeat":"repeat","background-position":"center center","background-size":"auto","background-attachment":"scroll","background-type":"","background-media":"","overlay-type":"","overlay-color":"","overlay-opacity":"","overlay-gradient":""},"tablet":{"background-color":"var(--ast-global-color-5)","background-image":"","background-repeat":"repeat","background-position":"center center","background-size":"auto","background-attachment":"scroll","background-type":"","background-media":"","overlay-type":"","overlay-color":"","overlay-opacity":"","overlay-gradient":""},"mobile":{"background-color":"var(--ast-global-color-5)","background-image":"","background-repeat":"repeat","background-position":"center center","background-size":"auto","background-attachment":"scroll","background-type":"","background-media":"","overlay-type":"","overlay-color":"","overlay-opacity":"","overlay-gradient":""}},"footnotes":""},"class_list":["post-616","page","type-page","status-publish","hentry"],"_links":{"self":[{"href":"https:\/\/cristoredentor.es\/index.php?rest_route=\/wp\/v2\/pages\/616","targetHints":{"allow":["GET"]}}],"collection":[{"href":"https:\/\/cristoredentor.es\/index.php?rest_route=\/wp\/v2\/pages"}],"about":[{"href":"https:\/\/cristoredentor.es\/index.php?rest_route=\/wp\/v2\/types\/page"}],"author":[{"embeddable":true,"href":"https:\/\/cristoredentor.es\/index.php?rest_route=\/wp\/v2\/users\/1"}],"replies":[{"embeddable":true,"href":"https:\/\/cristoredentor.es\/index.php?rest_route=%2Fwp%2Fv2%2Fcomments&post=616"}],"version-history":[{"count":2,"href":"https:\/\/cristoredentor.es\/index.php?rest_route=\/wp\/v2\/pages\/616\/revisions"}],"predecessor-version":[{"id":1347,"href":"https:\/\/cristoredentor.es\/index.php?rest_route=\/wp\/v2\/pages\/616\/revisions\/1347"}],"wp:attachment":[{"href":"https:\/\/cristoredentor.es\/index.php?rest_route=%2Fwp%2Fv2%2Fmedia&parent=616"}],"curies":[{"name":"wp","href":"https:\/\/api.w.org\/{rel}","templated":true}]}}