{"id":630,"date":"2019-09-22T14:57:23","date_gmt":"2019-09-22T12:57:23","guid":{"rendered":"https:\/\/cristoredentor.es\/?page_id=630"},"modified":"2019-10-15T23:02:38","modified_gmt":"2019-10-15T21:02:38","slug":"13-grupo-de-catequesis-de-iniciacion","status":"publish","type":"page","link":"https:\/\/cristoredentor.es\/?page_id=630","title":{"rendered":"13 CATEQUESIS DE INICIACI\u00d3N"},"content":{"rendered":"\n<div id=\"cc-m-5638697016\" class=\"j-module n j-text \">\n<h1 style=\"text-align: left;\"><span style=\"color: #000000;\"><strong>SOMOS<\/strong><\/span><\/h1>\n<p>Un <strong>grupo de catequistas formando un equipo,<\/strong> <strong>que acompa\u00f1amos a los ni\u00f1os durante su proceso catequ\u00e9tico de Iniciaci\u00f3n I, II y III.<\/strong> En el mismo recibir\u00e1n los Sacramentos de Reconciliaci\u00f3n y Eucarist\u00eda.<strong>&nbsp;<\/strong><\/p>\n<p>&nbsp;<\/p>\n<h1 style=\"text-align: left;\"><span style=\"color: #000000;\"><strong>NUESTRO SERVICIO CONSISTE EN<\/strong><\/span><\/h1>\n<p>&#8211;&nbsp;<strong>Reforzar el sentido de grupo<\/strong> y su trabajo en equipo <strong>de todos los<\/strong><\/p>\n<p><strong>&nbsp; &nbsp; catequistas<\/strong>.<\/p>\n<p>&#8211;&nbsp;<strong>Dar testimonio<\/strong> de nuestra Fe como catequistas.<\/p>\n<p>&#8211;&nbsp;Como catequistas <strong>participando en las reuniones de formaci\u00f3n y<\/strong><\/p>\n<p><strong>&nbsp; &nbsp; coordinaci\u00f3n.<\/strong><\/p>\n<p>&#8211;&nbsp;Convocar <strong>reuniones semanales<\/strong> de catequesis por grupos con sus<\/p>\n<p>&nbsp; &nbsp; catequistas.<\/p>\n<p>&#8211;&nbsp;<strong>Propiciar<\/strong> a nivel parroquial, arciprestal y diocesano <strong>nuestra<\/strong><\/p>\n<p><strong>&nbsp; &nbsp; formaci\u00f3n y vivencia integral<\/strong> como creyentes y agentes de<\/p>\n<p>&nbsp; &nbsp; pastoral. <strong>El SER, el SABER y el HACER del catequista.<\/strong><\/p>\n<p>&#8211;&nbsp;Dar una <strong>catequesis evangelizadora<\/strong> para que se d\u00e9 en los ni\u00f1os<\/p>\n<p>&nbsp; &nbsp; una experiencia personal y comunitaria de encuentro con<\/p>\n<p>&nbsp; &nbsp; Jesucristo.<\/p>\n<p>&#8211;&nbsp;<strong>Acompa\u00f1ar<\/strong> a los ni\u00f1os <strong>en su proceso integral y continuo de<\/strong><\/p>\n<p><strong>&nbsp; &nbsp; crecimiento y personalizaci\u00f3n de la Fe.<\/strong><\/p>\n<p>&#8211;&nbsp;<strong>Animar y ayudar a descubrir y vivir la oraci\u00f3n<\/strong> como un<\/p>\n<p>&nbsp; &nbsp; encuentro de amistad con Cristo en la Comunidad.<\/p>\n<p>&#8211;&nbsp;<strong>Posibilitar la integraci\u00f3n de los ni\u00f1os<\/strong> en la Comunidad Parroquial<\/p>\n<p>&nbsp; &nbsp; y en la Di\u00f3cesis.<\/p>\n<p>&#8211;&nbsp;<strong>Participaci\u00f3n y preparaci\u00f3n de encuentros y Eucarist\u00edas<\/strong><\/p>\n<p><strong>&nbsp;<\/strong>&nbsp; &nbsp; (principalmente domingos).<\/p>\n<p>&#8211;&nbsp;<strong>Preparaci\u00f3n y celebraci\u00f3n del sacramento de la Reconciliaci\u00f3n<\/strong><\/p>\n<p><strong>&nbsp;<\/strong>&nbsp; &nbsp; en los tiempos fuertes.<\/p>\n<p>&#8211;&nbsp;Potenciar la <strong>implicaci\u00f3n en distintos \u00e1mbitos y tareas<\/strong> en la<\/p>\n<p>&nbsp; &nbsp; parroquia y en la vida p\u00fablica del barrio, escuelas y colegios,<\/p>\n<p>&nbsp; &nbsp; casa\u2026<\/p>\n<p>&#8211;&nbsp;<strong>Encuentros de oraci\u00f3n y convivencias<\/strong> que animen a vivir una <strong>Fe<\/strong><\/p>\n<p><strong>&nbsp; &nbsp; madura y responsable.<\/strong><\/p>\n<p>&#8211;&nbsp;<strong>Participar en actividades de compromiso y solidaridad.<\/strong><\/p>\n<p>&#8211;&nbsp;<strong>Acompa\u00f1amiento vocacional y misionero.<\/strong><\/p>\n<p>&#8211;&nbsp;Trabajar el <strong>proyecto en clave de proceso.<\/strong><\/p>\n<p>&#8211;&nbsp;Integrar los tres \u00e1mbitos de formaci\u00f3n: <strong>familia \u2013 parroquia \u2013<\/strong><\/p>\n<p><strong>&nbsp; &nbsp; escuela.<\/strong><\/p>\n<p>&#8211;&nbsp;Formar desde la <strong>uni\u00f3n Fe-vida.<\/strong><\/p>\n<p>&#8211;&nbsp;Potenciar el <strong>di\u00e1logo Fe-cultura.<\/strong><\/p>\n<p>&#8211;&nbsp;<strong>Implicar activamente a las familias<\/strong> en el proceso de crecimiento y<\/p>\n<p>&nbsp; &nbsp; personalizaci\u00f3n de la Fe de sus hijos.<\/p>\n<p>&#8211;&nbsp;<strong>Reuniones con las familias<\/strong> porque son imprescindibles en el<\/p>\n<p>&nbsp; &nbsp; proceso catequ\u00e9tico.<\/p>\n<p><strong>&nbsp;<\/strong><strong>&nbsp; &nbsp;<\/strong><strong>&nbsp; &nbsp; &nbsp;<\/strong><span style=\"color: #000000;\"><strong>&nbsp;<\/strong><\/span><\/p>\n<h1 style=\"text-align: left;\"><span style=\"color: #000000;\"><strong>NUESTROS OBJETIVOS SON<\/strong><\/span><\/h1>\n<p>&#8211;&nbsp;<strong>Realizar el primer anuncio.<\/strong><\/p>\n<p>&#8211;&nbsp;<strong>Ayudar al catequizando a tener un encuentro personal con el<\/strong><\/p>\n<p><strong>&nbsp; &nbsp; Se\u00f1or y al descubrimiento de Jes\u00fas en la Iglesia.<\/strong><\/p>\n<p>&#8211;&nbsp;<strong>Participar en las celebraciones eucar\u00edsticas y profundizar en el<\/strong><\/p>\n<p><strong>&nbsp; &nbsp; crecimiento de la fe.<\/strong><\/p>\n<p>&#8211;&nbsp;Que el <strong>proceso catequ\u00e9tico sea un punto y seguido<\/strong> en su vivencia<\/p>\n<p>&nbsp; &nbsp; de la Fe. <strong>Invitarles a continuar form\u00e1ndose en los grupos de<\/strong><\/p>\n<p><strong>&nbsp; &nbsp; Infancia Adulta.<\/strong><\/p>\n<p>&#8211;&nbsp;<strong>Ayudar y acompa\u00f1ar en el descubrimiento y vivencia de la<\/strong><\/p>\n<p><strong>&nbsp; &nbsp; Eucarist\u00eda.<\/strong><\/p>\n<p>&#8211;&nbsp;<strong>Vivan en comunidad la Fe.<\/strong><\/p>\n<p>&#8211;&nbsp;<strong>Se impliquen en la vida diaria:<\/strong> familia, amigos, estudios\u2026<\/p>\n<p>&#8211;&nbsp;<strong>Potenciar todo lo vocacional y misionero.<\/strong><\/p>\n<p>&#8211;&nbsp;<strong>Ense\u00f1ar a orar y profundizar en la<\/strong> <strong>oraci\u00f3n<\/strong> desde la experiencia<\/p>\n<p>&nbsp; &nbsp; de encontrarse <strong>con ALGUIEN que libera y salva.<\/strong><\/p>\n<p>&#8211;&nbsp;<strong>Potenciar la relaci\u00f3n familia-parroquia-escuela.<\/strong><\/p>\n<p>&#8211;&nbsp;Ayudar a <strong>integrar Fe y Vida.<\/strong><\/p>\n<p>&#8211;&nbsp;Educar para comprender y vivir como <strong>la Fe nos ayuda a ser m\u00e1s<\/strong><\/p>\n<p><strong>&nbsp; &nbsp; plenamente personas, apostando por el Dios de la vida.<\/strong><\/p>\n<p>&#8211;&nbsp;<strong>Profundizar en hacer razonable la Fe.<\/strong> La Fe no es irracional.<\/p>\n<p>&#8211;&nbsp;<strong>Educar para vivir el amor como vocaci\u00f3n<\/strong> (don, entrega,<\/p>\n<p>&nbsp; &nbsp; responsabilidad).<\/p>\n<p>&#8211;&nbsp;<strong>Invitarles a participar en experiencias de compromiso y<\/strong><\/p>\n<p><strong>&nbsp; &nbsp; solidaridad.<\/strong><\/p>\n<p><strong>&nbsp;<\/strong><span style=\"color: #000000;\"><strong>&nbsp;<\/strong><\/span><\/p>\n<h1 style=\"text-align: left;\"><span style=\"color: #000000;\"><strong>NOS REUNIMOS<\/strong><\/span><\/h1>\n<p>En los locales parroquiales.<\/p>\n<p class=\"Contenidodelatabla\">&#8211;&nbsp;Con los <strong>catequizandos:<\/strong><\/p>\n<ul>\n<li style=\"text-align: left;\">los <strong>domingos a las 11h de la ma\u00f1ana<\/strong> y posteriormente participamos en la Eucarist\u00eda familiar de 12h, <strong>o<\/strong> los <strong>lunes, martes o mi\u00e9rcoles (seg\u00fan el curso) a las 18:15h<\/strong> <strong>de la tarde.<\/strong><\/li>\n<\/ul>\n<p class=\"Contenidodelatabla\">&#8211;&nbsp;Los <strong>catequistas para Formaci\u00f3n (dependiendo del d\u00eda de<\/strong><\/p>\n<p class=\"Contenidodelatabla\"><strong>&nbsp; &nbsp; catequesis)<\/strong>:<\/p>\n<ul>\n<li style=\"text-align: left;\"><strong>los domingos a las 10h de la ma\u00f1ana<\/strong> <strong>o<\/strong> <strong>los jueves a las 17:30h de la tarde.<\/strong><\/li>\n<li style=\"text-align: left;\"><strong>participaci\u00f3n en la Escuela Diocesana de Catequistas.<\/strong><\/li>\n<\/ul>\n<p class=\"Contenidodelatabla\"><strong>&nbsp;<\/strong><\/p>\n<\/div>\n<div id=\"cc-m-9987572698\" class=\"j-module n j-header \">\n<h1 id=\"cc-m-header-9987572698\" class=\"\">Entrega del Padrenuestro a los ni\u00f1os de catequesis<\/h1>\n<\/div>\n\n\n\n<ul class=\"wp-block-gallery columns-3 is-cropped wp-block-gallery-1 is-layout-flex wp-block-gallery-is-layout-flex\"><li class=\"blocks-gallery-item\"><figure><img loading=\"lazy\" decoding=\"async\" width=\"150\" height=\"150\" src=\"https:\/\/cristoredentor.es\/wp-content\/uploads\/2019\/09\/81_image.jpg\" alt=\"\" data-id=\"631\" data-link=\"https:\/\/cristoredentor.es\/?attachment_id=631\" class=\"wp-image-631\"\/><\/figure><\/li><li class=\"blocks-gallery-item\"><figure><img loading=\"lazy\" decoding=\"async\" width=\"150\" height=\"150\" src=\"https:\/\/cristoredentor.es\/wp-content\/uploads\/2019\/09\/89_image.jpg\" alt=\"\" data-id=\"639\" data-link=\"https:\/\/cristoredentor.es\/?attachment_id=639\" class=\"wp-image-639\"\/><\/figure><\/li><li class=\"blocks-gallery-item\"><figure><img loading=\"lazy\" decoding=\"async\" width=\"150\" height=\"150\" src=\"https:\/\/cristoredentor.es\/wp-content\/uploads\/2019\/09\/84_image.jpg\" alt=\"\" data-id=\"634\" data-link=\"https:\/\/cristoredentor.es\/?attachment_id=634\" class=\"wp-image-634\"\/><\/figure><\/li><li class=\"blocks-gallery-item\"><figure><img loading=\"lazy\" decoding=\"async\" width=\"150\" height=\"150\" src=\"https:\/\/cristoredentor.es\/wp-content\/uploads\/2019\/09\/86_image.jpg\" alt=\"\" data-id=\"636\" data-link=\"https:\/\/cristoredentor.es\/?attachment_id=636\" class=\"wp-image-636\"\/><\/figure><\/li><li class=\"blocks-gallery-item\"><figure><img loading=\"lazy\" decoding=\"async\" width=\"150\" height=\"150\" src=\"https:\/\/cristoredentor.es\/wp-content\/uploads\/2019\/09\/85_image.jpg\" alt=\"\" data-id=\"635\" data-link=\"https:\/\/cristoredentor.es\/?attachment_id=635\" class=\"wp-image-635\"\/><\/figure><\/li><li class=\"blocks-gallery-item\"><figure><img loading=\"lazy\" decoding=\"async\" width=\"150\" height=\"150\" src=\"https:\/\/cristoredentor.es\/wp-content\/uploads\/2019\/09\/83_image.jpg\" alt=\"\" data-id=\"633\" data-link=\"https:\/\/cristoredentor.es\/?attachment_id=633\" class=\"wp-image-633\"\/><\/figure><\/li><li class=\"blocks-gallery-item\"><figure><img loading=\"lazy\" decoding=\"async\" width=\"150\" height=\"150\" src=\"https:\/\/cristoredentor.es\/wp-content\/uploads\/2019\/09\/88_image.jpg\" alt=\"\" data-id=\"638\" data-link=\"https:\/\/cristoredentor.es\/?attachment_id=638\" class=\"wp-image-638\"\/><\/figure><\/li><li class=\"blocks-gallery-item\"><figure><img loading=\"lazy\" decoding=\"async\" width=\"150\" height=\"150\" src=\"https:\/\/cristoredentor.es\/wp-content\/uploads\/2019\/09\/82_image.jpg\" alt=\"\" data-id=\"632\" data-link=\"https:\/\/cristoredentor.es\/?attachment_id=632\" class=\"wp-image-632\"\/><\/figure><\/li><li class=\"blocks-gallery-item\"><figure><img loading=\"lazy\" decoding=\"async\" width=\"150\" height=\"150\" src=\"https:\/\/cristoredentor.es\/wp-content\/uploads\/2019\/09\/87_image.jpg\" alt=\"\" data-id=\"637\" data-link=\"https:\/\/cristoredentor.es\/?attachment_id=637\" class=\"wp-image-637\"\/><\/figure><\/li><\/ul>\n\n\n\n<div id=\"cc-m-5560111416\" class=\"j-module n j-header \">\n<h1 id=\"cc-m-header-5560111416\" class=\"\">22 de Enero de 2012: Jornada de la Infancia Misionera<\/h1>\n<\/div>\n<div id=\"cc-m-5560120616\" class=\"j-module n j-textWithImage \">\n<figure class=\"cc-imagewrapper cc-m-image-align-1\"><img decoding=\"async\" id=\"cc-m-textwithimage-image-5560120616\" class=\"\" src=\"https:\/\/cristoredentor.es\/wp-content\/uploads\/2019\/09\/90_image.jpg\" sizes=\"(min-width: 203px) 203px, 100vw\" srcset=\"https:\/\/cristoredentor.es\/wp-content\/uploads\/2019\/09\/90_image.jpg 203w\" alt=\"Infancia Misionera 2012\" data-src-width=\"203\" data-src-height=\"320\" data-src=\"https:\/\/cristoredentor.es\/wp-content\/uploads\/2019\/09\/90_image.jpg\" data-image-id=\"3849789816\" \/>\n<figcaption>Infancia Misionera 2012<\/figcaption>\n<\/figure>\n<div>\n<div id=\"cc-m-textwithimage-5560120616\" class=\"cc-m-textwithimage-inline-rte\" data-name=\"text\" data-action=\"text\">\n<p class=\"Estilo1\"><strong>Una gran red de solidarid<\/strong><strong>ad para cambiar el mundo<\/strong><\/p>\n<p>\u00a0<\/p>\n<p>Fue el Papa P\u00edo XII quien, en 1950, estableci\u00f3 que se celebrara un d\u00eda anual para promover, con la oraci\u00f3n y la limosna, la hoy llamada Obra de Infancia Misionera (IM).\u00a0<\/p>\n<p>\u00a0<\/p>\n<p>En Espa\u00f1a, la Jornada de Infancia Misionera\u00a0se celebra el cuarto domingo de enero, y busca ayudar a las comunidades cristianas, y en especial a los ni\u00f1os, a profundizar en la pedagog\u00eda que esta Obra Pontificia desarrolla durante todo el a\u00f1o.<\/p>\n<p>\u00a0<\/p>\n<p>En esta Jornada, la celebraci\u00f3n de la Eucarist\u00eda y las oraciones y ayudas econ\u00f3micas que los ni\u00f1os ofrecen para ayudar a otros ni\u00f1os expresan valores que van interiorizando, como que ellos tambi\u00e9n son cristianos y misioneros, y que su \u201cgranito de arena\u201d es importante para anunciar el Evangelio y construir un mundo mejor para todos.<\/p>\n<p>\u00a0<\/p>\n<p>El lema de este a\u00f1o es\u00a0<strong>\u00abCon los ni\u00f1os de Am\u00e9rica&#8230; hablamos de Jes\u00fas\u00bb.<\/strong><\/p>\n<p>\u00a0<\/p>\n<p>\u00a0<\/p>\n<\/div>\n<\/div>\n<div class=\"cc-clear\">\u00a0<\/div>\n<\/div>\n<div id=\"cc-m-1853230516\" class=\"j-module n j-header \">\n<h1 id=\"cc-m-header-1853230516\" class=\"\">CON LOS NI\u00d1OS DE OCEAN\u00cdA&#8230; SEGUIMOS A JES\u00daS<\/h1>\n<\/div>\n<div id=\"cc-m-1853231016\" class=\"j-module n j-textWithImage \">\n<figure class=\"cc-imagewrapper cc-m-image-align-2\"><img decoding=\"async\" id=\"cc-m-textwithimage-image-1853231016\" class=\"\" src=\"https:\/\/cristoredentor.es\/wp-content\/uploads\/2019\/09\/91_image.jpg\" sizes=\"(min-width: 210px) 210px, 100vw\" srcset=\"https:\/\/cristoredentor.es\/wp-content\/uploads\/2019\/09\/91_image.jpg 210w, https:\/\/cristoredentor.es\/wp-content\/uploads\/2019\/09\/92_image.jpg 320w, https:\/\/cristoredentor.es\/wp-content\/uploads\/2019\/09\/93_image.jpg 420w\" alt=\"Cartel de la Jornada de la Infancia Misionera 2011\" data-src-width=\"543\" data-src-height=\"768\" data-src=\"https:\/\/cristoredentor.es\/wp-content\/uploads\/2019\/09\/91_image.jpg\" data-image-id=\"1509384516\" \/>\n<figcaption>Cartel de la Jornada de la Infancia Misionera 2011<\/figcaption>\n<\/figure>\n<div>\n<div id=\"cc-m-textwithimage-1853231016\" class=\"cc-m-textwithimage-inline-rte\" data-name=\"text\" data-action=\"text\">\n<p><strong>Jornada de la Infancia Misionera\u00a0\u00a0<\/strong><\/p>\n<p><strong>23 de Enero de 2011<\/strong><\/p>\n<p>\u00a0<\/p>\n<p>Los ni\u00f1os de Infancia Misionera iniciaron hace dos a\u00f1os el recorrido por los cinco continentes. Ya se han encontrado con los ni\u00f1os de Asia y de \u00c1frica. Este a\u00f1o se trasladan a Ocean\u00eda para invitar a los ni\u00f1os de all\u00ed a sumarse a ellos y, juntos seguir a Jes\u00fas. Una vez han entrado en contacto con los ni\u00f1os de Ocean\u00eda y han descubierto sus costumbres, lenguas y formas de vida, todos miran a Jes\u00fas, escuchan su voz y se ponen en camino con \u00c9l. Esto es lo que hicieron sus disc\u00edpulos. Esto es lo que hacen tantos cristianos. Para ello hay que dejar muchas cosas, estar ligeros de equipaje y poner las pisadas sobre las huellas de Jes\u00fas. \u00c9l, como buen amigo, va por delante, con paso firme y la mirada en el horizonte. Sabe ad\u00f3nde se dirige y c\u00f3mo se llega a la meta.<\/p>\n<p>\u00a0<\/p>\n<p>El anuncio misionero del Evangelio suscit\u00f3 en los habitantes de este continente, en los siglos XIX y XX, el deseo de seguir a Jes\u00fas como Maestro y Se\u00f1or. Desde entonces, muchas islas han sido evangelizadas, y la fe se ha transmitido en la familia, en los colegios y, sobre todo, en las comunidades cristianas. En esta tarea es imprescindible la labor de los miles de catequistas misioneros que dedican su vida a se\u00f1alar el camino que lleva a Jes\u00fas. Quienes le encuentran y deciden seguirle se convierten tambi\u00e9n en misioneros para otros.<\/p>\n<p>\u00a0<\/p>\n<p>El cartel de la Jornada usa el color azul del mar para Ocean\u00eda. Este color evoca la dulzura, la transparencia, la libertad, la serenidad, la confianza&#8230; Las im\u00e1genes del cartel muestran la identificaci\u00f3n de los habitantes de este continente con el oc\u00e9ano. Sus viviendas y formas de vida est\u00e1n en sinton\u00eda con el mar.<\/p>\n<\/div>\n<\/div>\n<\/div>\n","protected":false},"excerpt":{"rendered":"<p>SOMOS Un grupo de catequistas formando un equipo, que acompa\u00f1amos a los ni\u00f1os durante su proceso catequ\u00e9tico de Iniciaci\u00f3n I, II y III. En el mismo recibir\u00e1n los Sacramentos de Reconciliaci\u00f3n y Eucarist\u00eda.&nbsp; &nbsp; NUESTRO SERVICIO CONSISTE EN &#8211;&nbsp;Reforzar el sentido de grupo y su trabajo en equipo de todos los &nbsp; &nbsp; catequistas. &#8211;&nbsp;Dar [&hellip;]<\/p>\n","protected":false},"author":1,"featured_media":0,"parent":0,"menu_order":0,"comment_status":"closed","ping_status":"closed","template":"","meta":{"site-sidebar-layout":"default","site-content-layout":"","ast-site-content-layout":"default","site-content-style":"default","site-sidebar-style":"default","ast-global-header-display":"","ast-banner-title-visibility":"","ast-main-header-display":"","ast-hfb-above-header-display":"","ast-hfb-below-header-display":"","ast-hfb-mobile-header-display":"","site-post-title":"","ast-breadcrumbs-content":"","ast-featured-img":"","footer-sml-layout":"","ast-disable-related-posts":"","theme-transparent-header-meta":"","adv-header-id-meta":"","stick-header-meta":"","header-above-stick-meta":"","header-main-stick-meta":"","header-below-stick-meta":"","astra-migrate-meta-layouts":"default","ast-page-background-enabled":"default","ast-page-background-meta":{"desktop":{"background-color":"var(--ast-global-color-4)","background-image":"","background-repeat":"repeat","background-position":"center center","background-size":"auto","background-attachment":"scroll","background-type":"","background-media":"","overlay-type":"","overlay-color":"","overlay-opacity":"","overlay-gradient":""},"tablet":{"background-color":"","background-image":"","background-repeat":"repeat","background-position":"center center","background-size":"auto","background-attachment":"scroll","background-type":"","background-media":"","overlay-type":"","overlay-color":"","overlay-opacity":"","overlay-gradient":""},"mobile":{"background-color":"","background-image":"","background-repeat":"repeat","background-position":"center center","background-size":"auto","background-attachment":"scroll","background-type":"","background-media":"","overlay-type":"","overlay-color":"","overlay-opacity":"","overlay-gradient":""}},"ast-content-background-meta":{"desktop":{"background-color":"var(--ast-global-color-5)","background-image":"","background-repeat":"repeat","background-position":"center center","background-size":"auto","background-attachment":"scroll","background-type":"","background-media":"","overlay-type":"","overlay-color":"","overlay-opacity":"","overlay-gradient":""},"tablet":{"background-color":"var(--ast-global-color-5)","background-image":"","background-repeat":"repeat","background-position":"center center","background-size":"auto","background-attachment":"scroll","background-type":"","background-media":"","overlay-type":"","overlay-color":"","overlay-opacity":"","overlay-gradient":""},"mobile":{"background-color":"var(--ast-global-color-5)","background-image":"","background-repeat":"repeat","background-position":"center center","background-size":"auto","background-attachment":"scroll","background-type":"","background-media":"","overlay-type":"","overlay-color":"","overlay-opacity":"","overlay-gradient":""}},"footnotes":""},"class_list":["post-630","page","type-page","status-publish","hentry"],"_links":{"self":[{"href":"https:\/\/cristoredentor.es\/index.php?rest_route=\/wp\/v2\/pages\/630","targetHints":{"allow":["GET"]}}],"collection":[{"href":"https:\/\/cristoredentor.es\/index.php?rest_route=\/wp\/v2\/pages"}],"about":[{"href":"https:\/\/cristoredentor.es\/index.php?rest_route=\/wp\/v2\/types\/page"}],"author":[{"embeddable":true,"href":"https:\/\/cristoredentor.es\/index.php?rest_route=\/wp\/v2\/users\/1"}],"replies":[{"embeddable":true,"href":"https:\/\/cristoredentor.es\/index.php?rest_route=%2Fwp%2Fv2%2Fcomments&post=630"}],"version-history":[{"count":4,"href":"https:\/\/cristoredentor.es\/index.php?rest_route=\/wp\/v2\/pages\/630\/revisions"}],"predecessor-version":[{"id":1350,"href":"https:\/\/cristoredentor.es\/index.php?rest_route=\/wp\/v2\/pages\/630\/revisions\/1350"}],"wp:attachment":[{"href":"https:\/\/cristoredentor.es\/index.php?rest_route=%2Fwp%2Fv2%2Fmedia&parent=630"}],"curies":[{"name":"wp","href":"https:\/\/api.w.org\/{rel}","templated":true}]}}