{"id":814,"date":"2019-10-04T23:42:22","date_gmt":"2019-10-04T21:42:22","guid":{"rendered":"https:\/\/cristoredentor.es\/?page_id=814"},"modified":"2019-10-04T23:42:44","modified_gmt":"2019-10-04T21:42:44","slug":"recursos","status":"publish","type":"page","link":"https:\/\/cristoredentor.es\/?page_id=814","title":{"rendered":"Formaci\u00f3n"},"content":{"rendered":"\n<ul id=\"mainNav2\" class=\"mainNav2\">\n<li id=\"cc-nav-view-1026703016\"><a class=\"level_2\" href=\"https:\/\/www.cristoredentor.info\/formaci%C3%B3n\/general-religiosa\/\">General Religiosa<\/a><\/li>\n<li id=\"cc-nav-view-1025491716\"><a class=\"level_2\" href=\"https:\/\/www.cristoredentor.info\/formaci%C3%B3n\/catequ%C3%A9tica\/\">Catequ\u00e9tica<\/a><\/li>\n<li id=\"cc-nav-view-1025491816\"><a class=\"level_2\" href=\"https:\/\/www.cristoredentor.info\/formaci%C3%B3n\/sociocaritativa\/\">Sociocaritativa<\/a><\/li>\n<li id=\"cc-nav-view-1026703116\"><a class=\"level_2\" href=\"https:\/\/www.cristoredentor.info\/formaci%C3%B3n\/misionera\/\">Misionera<\/a><\/li>\n<li id=\"cc-nav-view-1025491916\"><a class=\"level_2\" href=\"https:\/\/www.cristoredentor.info\/formaci%C3%B3n\/hecho-religioso-biblia\/\">Hecho religioso-Biblia<\/a><\/li>\n<li id=\"cc-nav-view-1025492016\"><a class=\"level_2\" href=\"https:\/\/www.cristoredentor.info\/formaci%C3%B3n\/filosof%C3%ADa-y-teolog%C3%ADa\/\">Filosof\u00eda y teolog\u00eda<\/a><\/li>\n<li id=\"cc-nav-view-1025492116\"><a class=\"level_2\" href=\"https:\/\/www.cristoredentor.info\/formaci%C3%B3n\/ciencia-y-tecnolog%C3%ADa\/\">Ciencia y tecnolog\u00eda<\/a><\/li>\n<li id=\"cc-nav-view-1025492216\"><a class=\"level_2\" href=\"https:\/\/www.cristoredentor.info\/formaci%C3%B3n\/human%C3%ADstica\/\">Human\u00edstica<\/a><\/li>\n<li id=\"cc-nav-view-1025491616\"><a class=\"level_2\" href=\"https:\/\/www.cristoredentor.info\/formaci%C3%B3n\/b%C3%A1sica-eso-bach\/\">B\u00e1sica ESO &#8211; BACH<\/a><\/li>\n<li><img decoding=\"async\" id=\"cc-m-imagesubtitle-image-11615600998\" class=\"\" src=\"https:\/\/cristoredentor.es\/wp-content\/uploads\/2019\/10\/23_image.png\" sizes=\"(min-width: 490px) 490px, 100vw\" srcset=\"https:\/\/cristoredentor.es\/wp-content\/uploads\/2019\/10\/24_image.png 320w, https:\/\/cristoredentor.es\/wp-content\/uploads\/2019\/10\/23_image.png 490w, https:\/\/cristoredentor.es\/wp-content\/uploads\/2019\/10\/25_image.png 640w, https:\/\/cristoredentor.es\/wp-content\/uploads\/2019\/10\/26_image.png 960w, https:\/\/cristoredentor.es\/wp-content\/uploads\/2019\/10\/27_image.png 980w\" alt=\"\" data-src-width=\"1200\" data-src-height=\"394\" data-src=\"https:\/\/cristoredentor.es\/wp-content\/uploads\/2019\/10\/23_image.png\" data-image-id=\"7927483698\" \/><\/li>\n<\/ul>\n","protected":false},"excerpt":{"rendered":"<p>General Religiosa Catequ\u00e9tica Sociocaritativa Misionera Hecho religioso-Biblia Filosof\u00eda y teolog\u00eda Ciencia y tecnolog\u00eda Human\u00edstica B\u00e1sica ESO &#8211; BACH<\/p>\n","protected":false},"author":1,"featured_media":0,"parent":0,"menu_order":0,"comment_status":"closed","ping_status":"closed","template":"","meta":{"site-sidebar-layout":"default","site-content-layout":"","ast-site-content-layout":"default","site-content-style":"default","site-sidebar-style":"default","ast-global-header-display":"","ast-banner-title-visibility":"","ast-main-header-display":"","ast-hfb-above-header-display":"","ast-hfb-below-header-display":"","ast-hfb-mobile-header-display":"","site-post-title":"","ast-breadcrumbs-content":"","ast-featured-img":"","footer-sml-layout":"","ast-disable-related-posts":"","theme-transparent-header-meta":"","adv-header-id-meta":"","stick-header-meta":"","header-above-stick-meta":"","header-main-stick-meta":"","header-below-stick-meta":"","astra-migrate-meta-layouts":"default","ast-page-background-enabled":"default","ast-page-background-meta":{"desktop":{"background-color":"var(--ast-global-color-4)","background-image":"","background-repeat":"repeat","background-position":"center center","background-size":"auto","background-attachment":"scroll","background-type":"","background-media":"","overlay-type":"","overlay-color":"","overlay-opacity":"","overlay-gradient":""},"tablet":{"background-color":"","background-image":"","background-repeat":"repeat","background-position":"center center","background-size":"auto","background-attachment":"scroll","background-type":"","background-media":"","overlay-type":"","overlay-color":"","overlay-opacity":"","overlay-gradient":""},"mobile":{"background-color":"","background-image":"","background-repeat":"repeat","background-position":"center center","background-size":"auto","background-attachment":"scroll","background-type":"","background-media":"","overlay-type":"","overlay-color":"","overlay-opacity":"","overlay-gradient":""}},"ast-content-background-meta":{"desktop":{"background-color":"var(--ast-global-color-5)","background-image":"","background-repeat":"repeat","background-position":"center center","background-size":"auto","background-attachment":"scroll","background-type":"","background-media":"","overlay-type":"","overlay-color":"","overlay-opacity":"","overlay-gradient":""},"tablet":{"background-color":"var(--ast-global-color-5)","background-image":"","background-repeat":"repeat","background-position":"center center","background-size":"auto","background-attachment":"scroll","background-type":"","background-media":"","overlay-type":"","overlay-color":"","overlay-opacity":"","overlay-gradient":""},"mobile":{"background-color":"var(--ast-global-color-5)","background-image":"","background-repeat":"repeat","background-position":"center center","background-size":"auto","background-attachment":"scroll","background-type":"","background-media":"","overlay-type":"","overlay-color":"","overlay-opacity":"","overlay-gradient":""}},"footnotes":""},"class_list":["post-814","page","type-page","status-publish","hentry"],"_links":{"self":[{"href":"https:\/\/cristoredentor.es\/index.php?rest_route=\/wp\/v2\/pages\/814","targetHints":{"allow":["GET"]}}],"collection":[{"href":"https:\/\/cristoredentor.es\/index.php?rest_route=\/wp\/v2\/pages"}],"about":[{"href":"https:\/\/cristoredentor.es\/index.php?rest_route=\/wp\/v2\/types\/page"}],"author":[{"embeddable":true,"href":"https:\/\/cristoredentor.es\/index.php?rest_route=\/wp\/v2\/users\/1"}],"replies":[{"embeddable":true,"href":"https:\/\/cristoredentor.es\/index.php?rest_route=%2Fwp%2Fv2%2Fcomments&post=814"}],"version-history":[{"count":2,"href":"https:\/\/cristoredentor.es\/index.php?rest_route=\/wp\/v2\/pages\/814\/revisions"}],"predecessor-version":[{"id":826,"href":"https:\/\/cristoredentor.es\/index.php?rest_route=\/wp\/v2\/pages\/814\/revisions\/826"}],"wp:attachment":[{"href":"https:\/\/cristoredentor.es\/index.php?rest_route=%2Fwp%2Fv2%2Fmedia&parent=814"}],"curies":[{"name":"wp","href":"https:\/\/api.w.org\/{rel}","templated":true}]}}